Last updated on 2022-05-17 21:50:47 CEST.
Flavor | Version | Tinstall | Tcheck | Ttotal | Status | Flags |
---|---|---|---|---|---|---|
r-devel-linux-x86_64-debian-clang | 0.3.4 | 24.47 | 172.05 | 196.52 | NOTE | |
r-devel-linux-x86_64-debian-gcc | 0.3.4 | 17.40 | 9.22 | 26.62 | FAIL | |
r-devel-linux-x86_64-fedora-clang | 0.3.4 | 235.59 | NOTE | |||
r-devel-linux-x86_64-fedora-gcc | 0.3.4 | 237.14 | NOTE | |||
r-devel-windows-x86_64 | 0.3.4 | 123.00 | 225.00 | 348.00 | OK | |
r-patched-linux-x86_64 | 0.3.4 | 21.21 | 165.17 | 186.38 | NOTE | |
r-release-linux-x86_64 | 0.3.4 | 20.51 | 167.95 | 188.46 | NOTE | |
r-release-macos-arm64 | 0.3.4 | 68.00 | OK | |||
r-release-macos-x86_64 | 0.3.4 | 133.00 | OK | |||
r-release-windows-x86_64 | 0.3.4 | 156.00 | 224.00 | 380.00 | OK | |
r-oldrel-macos-arm64 | 0.3.4 | 74.00 | OK | |||
r-oldrel-macos-x86_64 | 0.3.4 | 95.00 | OK | |||
r-oldrel-windows-ix86+x86_64 | 0.3.4 | 60.00 | 336.00 | 396.00 | OK |
Version: 0.3.4
Check: package dependencies
Result: NOTE
Package suggested but not available for checking: 'geoR'
Flavors: r-devel-linux-x86_64-debian-clang, r-devel-linux-x86_64-fedora-clang, r-devel-linux-x86_64-fedora-gcc, r-patched-linux-x86_64, r-release-linux-x86_64
Version: 0.3.4
Check: package dependencies
Result: FAIL
Flavor: r-devel-linux-x86_64-debian-gcc