CRAN Package Check Results for Package gee

Last updated on 2019-03-26 21:48:35 CET.

Flavor Version Tinstall Tcheck Ttotal Status Flags
r-devel-linux-x86_64-debian-clang 4.13-19 8.30 20.88 29.18 NOTE
r-devel-linux-x86_64-debian-gcc 4.13-19 2.99 16.53 19.52 NOTE
r-devel-linux-x86_64-fedora-clang 4.13-19 38.91 NOTE
r-devel-linux-x86_64-fedora-gcc 4.13-19 27.83 NOTE
r-devel-windows-ix86+x86_64 4.13-19 17.00 51.00 68.00 OK
r-patched-linux-x86_64 4.13-19 3.00 19.25 22.25 NOTE
r-patched-solaris-x86 4.13-19 44.40 OK
r-release-linux-x86_64 4.13-19 2.80 18.79 21.59 NOTE
r-release-windows-ix86+x86_64 4.13-19 12.00 56.00 68.00 OK
r-release-osx-x86_64 4.13-19 OK
r-oldrel-windows-ix86+x86_64 4.13-19 9.00 51.00 60.00 OK
r-oldrel-osx-x86_64 4.13-19 OK

Check Details

Version: 4.13-19
Check: top-level files
Result: NOTE
    Non-standard files/directories found at top level:
     'README.too' 'blurb'
Flavors: r-devel-linux-x86_64-debian-clang, r-devel-linux-x86_64-debian-gcc, r-devel-linux-x86_64-fedora-clang, r-devel-linux-x86_64-fedora-gcc, r-patched-linux-x86_64, r-release-linux-x86_64