CRAN Package Check Results for Package gee

Last updated on 2019-06-17 10:48:12 CEST.

Flavor Version Tinstall Tcheck Ttotal Status Flags
r-devel-linux-x86_64-debian-clang 4.13-19 8.14 19.97 28.11 NOTE
r-devel-linux-x86_64-debian-gcc 4.13-19 3.07 16.44 19.51 NOTE
r-devel-linux-x86_64-fedora-clang 4.13-19 37.20 NOTE
r-devel-linux-x86_64-fedora-gcc 4.13-19 27.94 NOTE
r-devel-windows-ix86+x86_64 4.13-19 14.00 45.00 59.00 OK
r-patched-linux-x86_64 4.13-19 3.36 20.22 23.58 NOTE
r-patched-solaris-x86 4.13-19 47.60 OK
r-release-linux-x86_64 4.13-19 3.28 20.07 23.35 NOTE
r-release-windows-ix86+x86_64 4.13-19 11.00 54.00 65.00 OK
r-release-osx-x86_64 4.13-19 OK
r-oldrel-windows-ix86+x86_64 4.13-19 9.00 51.00 60.00 OK
r-oldrel-osx-x86_64 4.13-19 OK

Check Details

Version: 4.13-19
Check: top-level files
Result: NOTE
    Non-standard files/directories found at top level:
     'README.too' 'blurb'
Flavors: r-devel-linux-x86_64-debian-clang, r-devel-linux-x86_64-debian-gcc, r-devel-linux-x86_64-fedora-clang, r-devel-linux-x86_64-fedora-gcc, r-patched-linux-x86_64, r-release-linux-x86_64