CRAN Package Check Results for Package geeCRT

Last updated on 2021-09-19 15:49:14 CEST.

Flavor Version Tinstall Tcheck Ttotal Status Flags
r-devel-linux-x86_64-debian-clang 0.1.0 6.19 143.74 149.93 OK
r-devel-linux-x86_64-debian-gcc 0.1.0 5.79 103.56 109.35 OK
r-devel-linux-x86_64-fedora-clang 0.1.0 182.84 OK
r-devel-linux-x86_64-fedora-gcc 0.1.0 176.60 OK
r-devel-windows-x86_64 0.1.0 10.00 171.00 181.00 OK
r-devel-windows-x86_64-gcc10-UCRT 0.1.0 ERROR
r-patched-linux-x86_64 0.1.0 6.38 138.65 145.03 OK
r-patched-solaris-x86 0.1.0 233.50 OK
r-release-linux-x86_64 0.1.0 6.35 137.57 143.92 OK
r-release-macos-arm64 0.1.0 OK
r-release-macos-x86_64 0.1.0 OK
r-release-windows-ix86+x86_64 0.1.0 13.00 121.00 134.00 OK
r-oldrel-macos-x86_64 0.1.0 OK
r-oldrel-windows-ix86+x86_64 0.1.0 12.00 163.00 175.00 OK

Check Details

Version: 0.1.0
Check: whether package can be installed
Result: WARN
    Found the following significant warnings:
     WARNING: installation-time patches will not be applied, could not get the patches index
Flavor: r-devel-windows-x86_64-gcc10-UCRT

Version: 0.1.0
Check: PDF version of manual
Result: WARN
    LaTeX errors when creating PDF version.
    This typically indicates Rd problems.
Flavor: r-devel-windows-x86_64-gcc10-UCRT

Version: 0.1.0
Check: PDF version of manual without hyperrefs or index
Result: ERROR
    Re-running with no redirection of stdout/stderr.
Flavor: r-devel-windows-x86_64-gcc10-UCRT