Last updated on 2023-05-31 04:57:05 CEST.
Flavor | Version | Tinstall | Tcheck | Ttotal | Status | Flags |
---|---|---|---|---|---|---|
r-devel-linux-x86_64-debian-clang | 1.3.9 | 48.06 | 67.55 | 115.61 | OK | |
r-devel-linux-x86_64-debian-gcc | 1.3.9 | 28.10 | 52.00 | 80.10 | OK | |
r-devel-linux-x86_64-fedora-clang | 1.3.9 | 149.27 | OK | |||
r-devel-linux-x86_64-fedora-gcc | 1.3.9 | 146.98 | OK | |||
r-devel-windows-x86_64 | 1.3.9 | 30.00 | 105.00 | 135.00 | OK | |
r-patched-linux-x86_64 | 1.3.9 | 30.57 | 65.17 | 95.74 | OK | |
r-release-linux-x86_64 | 1.3.9 | 21.54 | 64.35 | 85.89 | OK | |
r-release-macos-arm64 | 1.3.9 | 50.00 | OK | |||
r-release-macos-x86_64 | 1.3.9 | 94.00 | NOTE | |||
r-release-windows-x86_64 | 1.3.9 | 39.00 | 118.00 | 157.00 | OK | |
r-oldrel-macos-arm64 | 1.3.9 | 47.00 | OK | |||
r-oldrel-macos-x86_64 | 1.3.9 | 60.00 | OK | |||
r-oldrel-windows-x86_64 | 1.3.9 | 36.00 | 110.00 | 146.00 | OK |
Version: 1.3.9
Check: re-building of vignette outputs
Result: NOTE
Error(s) in re-building vignettes:
...
--- re-building ‘geepack-manual.Rnw’ using Sweave
Loading required package: geepack
Error: processing vignette 'geepack-manual.Rnw' failed with diagnostics:
Running 'texi2dvi' on 'geepack-manual.tex' failed.
LaTeX errors:
! LaTeX Error: File `boxedminipage.sty' not found.
Type X to quit or <RETURN> to proceed,
or enter new name. (Default extension: sty)
! Emergency stop.
<read *>
l.8 \usepackage
[T1]{fontenc}^^M
! ==> Fatal error occurred, no output PDF file produced!
--- failed re-building ‘geepack-manual.Rnw’
SUMMARY: processing the following file failed:
‘geepack-manual.Rnw’
Error: Vignette re-building failed.
Execution halted
Flavor: r-release-macos-x86_64