Last updated on 2023-10-01 01:53:17 CEST.
Flavor | Version | Tinstall | Tcheck | Ttotal | Status | Flags |
---|---|---|---|---|---|---|
r-devel-linux-x86_64-debian-clang | 1.1.1 | 5.21 | 337.30 | 342.51 | OK | |
r-devel-linux-x86_64-debian-gcc | 1.1.1 | 4.48 | 249.70 | 254.18 | OK | |
r-devel-linux-x86_64-fedora-clang | 1.1.1 | 408.84 | NOTE | |||
r-devel-linux-x86_64-fedora-gcc | 1.1.1 | 422.77 | NOTE | |||
r-devel-windows-x86_64 | 1.1.1 | 7.00 | 240.00 | 247.00 | OK | |
r-patched-linux-x86_64 | 1.1.1 | 5.03 | 319.55 | 324.58 | OK | |
r-release-linux-x86_64 | 1.1.1 | 3.49 | 323.34 | 326.83 | OK | |
r-release-macos-arm64 | 1.1.1 | 116.00 | OK | |||
r-release-macos-x86_64 | 1.1.1 | 201.00 | OK | |||
r-release-windows-x86_64 | 1.1.1 | 9.00 | 329.00 | 338.00 | OK | |
r-oldrel-macos-arm64 | 1.1.1 | 86.00 | NOTE | |||
r-oldrel-macos-x86_64 | 1.1.1 | 124.00 | NOTE | |||
r-oldrel-windows-x86_64 | 1.1.1 | 10.00 | 339.00 | 349.00 | OK |
Version: 1.1.1
Check: dependencies in R code
Result: NOTE
Namespace in Imports field not imported from: ‘rootSolve’
All declared Imports should be used.
Flavors: r-devel-linux-x86_64-fedora-clang, r-devel-linux-x86_64-fedora-gcc, r-oldrel-macos-arm64, r-oldrel-macos-x86_64