CRAN Package Check Results for Package geex

Last updated on 2024-06-15 10:49:11 CEST.

Flavor Version Tinstall Tcheck Ttotal Status Flags
r-devel-linux-x86_64-debian-clang 1.1.1 4.77 359.45 364.22 NOTE
r-devel-linux-x86_64-debian-gcc 1.1.1 3.24 248.81 252.05 NOTE
r-devel-linux-x86_64-fedora-clang 1.1.1 433.51 NOTE
r-devel-linux-x86_64-fedora-gcc 1.1.1 423.32 NOTE
r-devel-windows-x86_64 1.1.1 6.00 245.00 251.00 NOTE
r-patched-linux-x86_64 1.1.1 4.65 339.52 344.17 NOTE
r-release-linux-x86_64 1.1.1 3.66 334.51 338.17 NOTE
r-release-macos-arm64 1.1.1 106.00 NOTE
r-release-macos-x86_64 1.1.1 176.00 NOTE
r-release-windows-x86_64 1.1.1 6.00 251.00 257.00 NOTE
r-oldrel-macos-arm64 1.1.1 116.00 OK
r-oldrel-macos-x86_64 1.1.1 201.00 OK
r-oldrel-windows-x86_64 1.1.1 8.00 326.00 334.00 OK

Check Details

Version: 1.1.1
Check: Rd files
Result: NOTE checkRd: (-1) geexex.Rd:10: Lost braces in \itemize; meant \describe ? checkRd: (-1) geexex.Rd:11: Lost braces in \itemize; meant \describe ? checkRd: (-1) geexex.Rd:12: Lost braces in \itemize; meant \describe ? checkRd: (-1) geexex.Rd:13: Lost braces in \itemize; meant \describe ? checkRd: (-1) geexex.Rd:14: Lost braces in \itemize; meant \describe ? checkRd: (-1) geexex.Rd:15: Lost braces in \itemize; meant \describe ? checkRd: (-1) geexex.Rd:16: Lost braces in \itemize; meant \describe ? checkRd: (-1) geexex.Rd:17: Lost braces in \itemize; meant \describe ? checkRd: (-1) geexex.Rd:18: Lost braces in \itemize; meant \describe ? Flavors: r-devel-linux-x86_64-debian-clang, r-devel-linux-x86_64-debian-gcc, r-devel-linux-x86_64-fedora-clang, r-devel-linux-x86_64-fedora-gcc, r-devel-windows-x86_64, r-patched-linux-x86_64, r-release-linux-x86_64, r-release-macos-arm64, r-release-macos-x86_64, r-release-windows-x86_64

Version: 1.1.1
Check: dependencies in R code
Result: NOTE Namespace in Imports field not imported from: ‘rootSolve’ All declared Imports should be used. Flavors: r-devel-linux-x86_64-fedora-clang, r-devel-linux-x86_64-fedora-gcc