CRAN Package Check Results for Package geiger

Last updated on 2020-07-15 11:47:42 CEST.

Flavor Version Tinstall Tcheck Ttotal Status Flags
r-devel-linux-x86_64-debian-clang 2.0.7 43.99 143.70 187.69 OK
r-devel-linux-x86_64-debian-gcc 2.0.7 35.24 107.53 142.77 OK
r-devel-linux-x86_64-fedora-clang 2.0.7 242.73 NOTE
r-devel-linux-x86_64-fedora-gcc 2.0.7 248.62 OK
r-devel-windows-ix86+x86_64 2.0.7 113.00 252.00 365.00 OK
r-patched-linux-x86_64 2.0.7 39.04 142.67 181.71 OK
r-patched-solaris-x86 2.0.7 270.90 OK
r-release-linux-x86_64 2.0.7 43.69 142.61 186.30 OK
r-release-macos-x86_64 2.0.7 ERROR
r-release-windows-ix86+x86_64 2.0.7 109.00 189.00 298.00 OK
r-oldrel-macos-x86_64 2.0.7 OK
r-oldrel-windows-ix86+x86_64 2.0.7 97.00 230.00 327.00 OK

Check Details

Version: 2.0.7
Check: Rd cross-references
Result: NOTE
    Undeclared package ‘TreeSim’ in Rd xrefs
Flavor: r-devel-linux-x86_64-fedora-clang

Version: 2.0.7
Check: whether package can be installed
Result: ERROR
    Installation failed.
Flavor: r-release-macos-x86_64