CRAN Package Check Results for Package geiger

Last updated on 2021-09-23 01:49:37 CEST.

Flavor Version Tinstall Tcheck Ttotal Status Flags
r-devel-linux-x86_64-debian-clang 2.0.7 42.73 176.52 219.25 OK
r-devel-linux-x86_64-debian-gcc 2.0.7 35.26 132.87 168.13 OK
r-devel-linux-x86_64-fedora-clang 2.0.7 289.88 NOTE
r-devel-linux-x86_64-fedora-gcc 2.0.7 279.89 OK
r-devel-windows-x86_64 2.0.7 43.00 159.00 202.00 OK
r-devel-windows-x86_64-gcc10-UCRT 2.0.7 ERROR
r-patched-linux-x86_64 2.0.7 41.14 156.78 197.92 OK
r-patched-solaris-x86 2.0.7 310.80 OK
r-release-linux-x86_64 2.0.7 40.00 154.56 194.56 OK
r-release-macos-arm64 2.0.7 OK
r-release-macos-x86_64 2.0.7 OK
r-release-windows-ix86+x86_64 2.0.7 99.00 181.00 280.00 OK
r-oldrel-macos-x86_64 2.0.7 OK
r-oldrel-windows-ix86+x86_64 2.0.7 75.00 177.00 252.00 OK

Check Details

Version: 2.0.7
Check: Rd cross-references
Result: NOTE
    Undeclared package ‘TreeSim’ in Rd xrefs
Flavor: r-devel-linux-x86_64-fedora-clang

Version: 2.0.7
Check: package dependencies
Result: ERROR
    Package required but not available: 'phytools'
    
    See section 'The DESCRIPTION file' in the 'Writing R Extensions'
    manual.
Flavor: r-devel-windows-x86_64-gcc10-UCRT