CRAN Package Check Results for Package genSurv

Last updated on 2020-08-15 15:46:50 CEST.

Flavor Version Tinstall Tcheck Ttotal Status Flags
r-devel-linux-x86_64-debian-clang 1.0.3 3.34 27.82 31.16 OK
r-devel-linux-x86_64-debian-gcc 1.0.3 2.86 21.89 24.75 OK
r-devel-linux-x86_64-fedora-clang 1.0.3 45.69 NOTE
r-devel-linux-x86_64-fedora-gcc 1.0.3 36.14 NOTE
r-devel-windows-ix86+x86_64 1.0.3 13.00 46.00 59.00 OK
r-patched-linux-x86_64 1.0.3 3.11 27.69 30.80 OK
r-patched-solaris-x86 1.0.3 54.30 OK
r-release-linux-x86_64 1.0.3 3.85 27.35 31.20 OK
r-release-macos-x86_64 1.0.3 OK
r-release-windows-ix86+x86_64 1.0.3 11.00 49.00 60.00 OK
r-oldrel-macos-x86_64 1.0.3 OK
r-oldrel-windows-ix86+x86_64 1.0.3 7.00 70.00 77.00 OK

Check Details

Version: 1.0.3
Check: compiled code
Result: NOTE
    File ‘genSurv/libs/genSurv.so’:
     Found no calls to: ‘R_registerRoutines’, ‘R_useDynamicSymbols’
    
    It is good practice to register native routines and to disable symbol
    search.
    
    See ‘Writing portable packages’ in the ‘Writing R Extensions’ manual.
Flavors: r-devel-linux-x86_64-fedora-clang, r-devel-linux-x86_64-fedora-gcc