CRAN Package Check Results for Package genasis

Last updated on 2020-07-04 14:48:17 CEST.

Flavor Version Tinstall Tcheck Ttotal Status Flags
r-devel-linux-x86_64-debian-clang 1.0 12.55 92.18 104.73 NOTE
r-devel-linux-x86_64-debian-gcc 1.0 10.21 70.07 80.28 NOTE
r-devel-linux-x86_64-fedora-clang 1.0 134.33 NOTE
r-devel-linux-x86_64-fedora-gcc 1.0 124.38 NOTE
r-devel-windows-ix86+x86_64 1.0 27.00 130.00 157.00 NOTE
r-patched-linux-x86_64 1.0 12.95 92.83 105.78 NOTE
r-patched-solaris-x86 1.0 173.80 NOTE
r-release-linux-x86_64 1.0 11.30 93.41 104.71 NOTE
r-release-osx-x86_64 1.0 NOTE
r-release-windows-ix86+x86_64 1.0 24.00 103.00 127.00 NOTE
r-oldrel-osx-x86_64 1.0 NOTE
r-oldrel-windows-ix86+x86_64 1.0 20.00 126.00 146.00 NOTE

Check Details

Version: 1.0
Check: R code for possible problems
Result: NOTE
    genhistogram: no visible global function definition for 'par'
    genhistogram: no visible global function definition for 'sd'
    genhistogram: no visible global function definition for 'axis'
    genhistogram: no visible global function definition for 'rect'
    genhistogram: no visible global function definition for 'polygon'
    genhistogram: no visible global function definition for 'rgb'
    genhistogram: no visible global function definition for 'lines'
    genloq : genmle: no visible global function definition for 'qnorm'
    genloq : genmle: no visible global function definition for 'pnorm'
    genloq: no visible global function definition for 'par'
    genloq: no visible global function definition for 'points'
    genloq: no visible global function definition for 'polygon'
    genloq: no visible global function definition for 'rgb'
    genoutlier: no visible global function definition for 'par'
    genoutlier: no visible global function definition for 'sd'
    genoutlier: no visible global function definition for 'quantile'
    genoutlier: no visible global function definition for 'points'
    genoutlier: no visible global function definition for 'polygon'
    genoutlier: no visible global function definition for 'rgb'
    genplot: no visible global function definition for 'par'
    genplot: no visible global function definition for 'lm'
    genplot: no visible global function definition for 'median'
    genplot: no visible global function definition for 'qt'
    genplot: no visible global function definition for 'quantile'
    genplot: no visible global function definition for 'lines'
    genplot: no visible global function definition for 'polygon'
    genplot: no visible global function definition for 'rgb'
    genplot: no visible global function definition for 'col2rgb'
    genplot: no visible global function definition for 'points'
    genstatistic : gsd: no visible global function definition for 'sd'
    genstatistic : senthail: no visible global function definition for
     'median'
    genstatistic : pearcor: no visible global function definition for
     'cor.test'
    genstatistic : spearcor: no visible global function definition for
     'cor.test'
    genstatistic: no visible global function definition for 'sd'
    genstatistic: no visible global function definition for 'median'
    genstatistic: no visible global function definition for 'lm'
    genwhisker : quantile05: no visible global function definition for
     'quantile'
    genwhisker : quantile25: no visible global function definition for
     'quantile'
    genwhisker : quantile75: no visible global function definition for
     'quantile'
    genwhisker : quantile95: no visible global function definition for
     'quantile'
    genwhisker : trimean: no visible global function definition for
     'median'
    genwhisker: no visible global function definition for 'par'
    genwhisker: no visible global function definition for 'axis'
    genwhisker: no visible global function definition for 'rect'
    genwhisker: no visible global function definition for 'rgb'
    genwhisker: no visible global function definition for 'col2rgb'
    genwhisker: no visible global function definition for 'hsv'
    Undefined global functions or variables:
     axis col2rgb cor.test hsv lines lm median par pnorm points polygon
     qnorm qt quantile rect rgb sd
    Consider adding
     importFrom("grDevices", "col2rgb", "hsv", "rgb")
     importFrom("graphics", "axis", "lines", "par", "points", "polygon",
     "rect")
     importFrom("stats", "cor.test", "lm", "median", "pnorm", "qnorm", "qt",
     "quantile", "sd")
    to your NAMESPACE file.
Flavors: r-devel-linux-x86_64-debian-clang, r-devel-linux-x86_64-debian-gcc, r-devel-linux-x86_64-fedora-clang, r-devel-linux-x86_64-fedora-gcc, r-devel-windows-ix86+x86_64, r-patched-linux-x86_64, r-patched-solaris-x86, r-release-linux-x86_64, r-release-osx-x86_64, r-release-windows-ix86+x86_64

Version: 1.0
Check: R code for possible problems
Result: NOTE
    genhistogram: no visible global function definition for ‘par’
    genhistogram: no visible global function definition for ‘sd’
    genhistogram: no visible global function definition for ‘axis’
    genhistogram: no visible global function definition for ‘rect’
    genhistogram: no visible global function definition for ‘polygon’
    genhistogram: no visible global function definition for ‘rgb’
    genhistogram: no visible global function definition for ‘lines’
    genloq : genmle: no visible global function definition for ‘qnorm’
    genloq : genmle: no visible global function definition for ‘pnorm’
    genloq: no visible global function definition for ‘par’
    genloq: no visible global function definition for ‘points’
    genloq: no visible global function definition for ‘polygon’
    genloq: no visible global function definition for ‘rgb’
    genoutlier: no visible global function definition for ‘par’
    genoutlier: no visible global function definition for ‘sd’
    genoutlier: no visible global function definition for ‘quantile’
    genoutlier: no visible global function definition for ‘points’
    genoutlier: no visible global function definition for ‘polygon’
    genoutlier: no visible global function definition for ‘rgb’
    genplot: no visible global function definition for ‘par’
    genplot: no visible global function definition for ‘lm’
    genplot: no visible global function definition for ‘median’
    genplot: no visible global function definition for ‘qt’
    genplot: no visible global function definition for ‘quantile’
    genplot: no visible global function definition for ‘lines’
    genplot: no visible global function definition for ‘polygon’
    genplot: no visible global function definition for ‘rgb’
    genplot: no visible global function definition for ‘col2rgb’
    genplot: no visible global function definition for ‘points’
    genstatistic : gsd: no visible global function definition for ‘sd’
    genstatistic : senthail: no visible global function definition for
     ‘median’
    genstatistic : pearcor: no visible global function definition for
     ‘cor.test’
    genstatistic : spearcor: no visible global function definition for
     ‘cor.test’
    genstatistic: no visible global function definition for ‘sd’
    genstatistic: no visible global function definition for ‘median’
    genstatistic: no visible global function definition for ‘lm’
    genwhisker : quantile05: no visible global function definition for
     ‘quantile’
    genwhisker : quantile25: no visible global function definition for
     ‘quantile’
    genwhisker : quantile75: no visible global function definition for
     ‘quantile’
    genwhisker : quantile95: no visible global function definition for
     ‘quantile’
    genwhisker : trimean: no visible global function definition for
     ‘median’
    genwhisker: no visible global function definition for ‘par’
    genwhisker: no visible global function definition for ‘plot’
    genwhisker: no visible global function definition for ‘axis’
    genwhisker: no visible global function definition for ‘rect’
    genwhisker: no visible global function definition for ‘rgb’
    genwhisker: no visible global function definition for ‘col2rgb’
    genwhisker: no visible global function definition for ‘hsv’
    Undefined global functions or variables:
     axis col2rgb cor.test hsv lines lm median par plot pnorm points
     polygon qnorm qt quantile rect rgb sd
    Consider adding
     importFrom("grDevices", "col2rgb", "hsv", "rgb")
     importFrom("graphics", "axis", "lines", "par", "plot", "points",
     "polygon", "rect")
     importFrom("stats", "cor.test", "lm", "median", "pnorm", "qnorm", "qt",
     "quantile", "sd")
    to your NAMESPACE file.
Flavors: r-oldrel-osx-x86_64, r-oldrel-windows-ix86+x86_64