Last updated on 2023-09-28 18:57:38 CEST.
Flavor | Version | Tinstall | Tcheck | Ttotal | Status | Flags |
---|---|---|---|---|---|---|
r-devel-linux-x86_64-debian-clang | 1.1.9 | 59.21 | 483.95 | 543.16 | OK | |
r-devel-linux-x86_64-debian-gcc | 1.1.9 | 48.63 | 362.11 | 410.74 | OK | |
r-devel-linux-x86_64-fedora-clang | 1.1.9 | 656.82 | OK | |||
r-devel-linux-x86_64-fedora-gcc | 1.1.9 | 669.65 | OK | |||
r-devel-windows-x86_64 | 1.1.9 | 50.00 | 340.00 | 390.00 | OK | |
r-patched-linux-x86_64 | 1.1.9 | 49.63 | 443.63 | 493.26 | OK | |
r-release-linux-x86_64 | 1.1.9 | 48.35 | 458.58 | 506.93 | OK | |
r-release-macos-arm64 | 1.1.9 | 109.00 | OK | |||
r-release-macos-x86_64 | 1.1.9 | 210.00 | NOTE | |||
r-release-windows-x86_64 | 1.1.9 | 67.00 | 470.00 | 537.00 | OK | |
r-oldrel-macos-arm64 | 1.1.9 | 106.00 | OK | |||
r-oldrel-macos-x86_64 | 1.1.9 | 218.00 | NOTE | |||
r-oldrel-windows-x86_64 | 1.1.9 | 67.00 | 441.00 | 508.00 | OK |
Version: 1.1.9
Check: package dependencies
Result: NOTE
Package suggested but not available for checking: ‘muscle’
Flavors: r-release-macos-x86_64, r-oldrel-macos-x86_64