CRAN Package Check Results for Package geneListPie

Last updated on 2021-09-23 03:50:54 CEST.

Flavor Version Tinstall Tcheck Ttotal Status Flags
r-devel-linux-x86_64-debian-clang 1.0 2.05 28.31 30.36 NOTE
r-devel-linux-x86_64-debian-gcc 1.0 1.59 22.74 24.33 NOTE
r-devel-linux-x86_64-fedora-clang 1.0 46.26 NOTE
r-devel-linux-x86_64-fedora-gcc 1.0 35.34 NOTE
r-devel-windows-x86_64 1.0 3.00 34.00 37.00 NOTE
r-devel-windows-x86_64-gcc10-UCRT 1.0 ERROR
r-patched-linux-x86_64 1.0 2.18 27.43 29.61 NOTE
r-patched-solaris-x86 1.0 56.90 NOTE
r-release-linux-x86_64 1.0 2.16 27.52 29.68 NOTE
r-release-macos-arm64 1.0 NOTE
r-release-macos-x86_64 1.0 NOTE
r-release-windows-ix86+x86_64 1.0 4.00 35.00 39.00 NOTE
r-oldrel-macos-x86_64 1.0 NOTE
r-oldrel-windows-ix86+x86_64 1.0 4.00 41.00 45.00 NOTE

Check Details

Version: 1.0
Check: R code for possible problems
Result: NOTE
    load.genelist: no visible global function definition for 'read.delim'
    Undefined global functions or variables:
     read.delim
    Consider adding
     importFrom("utils", "read.delim")
    to your NAMESPACE file.
Flavors: r-devel-linux-x86_64-debian-clang, r-devel-linux-x86_64-debian-gcc, r-devel-linux-x86_64-fedora-clang, r-devel-linux-x86_64-fedora-gcc, r-devel-windows-x86_64, r-devel-windows-x86_64-gcc10-UCRT, r-patched-linux-x86_64, r-patched-solaris-x86, r-release-linux-x86_64, r-release-macos-arm64, r-release-macos-x86_64, r-release-windows-ix86+x86_64, r-oldrel-macos-x86_64, r-oldrel-windows-ix86+x86_64

Version: 1.0
Check: Rd line widths
Result: NOTE
    Rd file 'geneListPie-package.Rd':
     \examples lines wider than 100 characters:
     glist<-c("ABCB7","ABCF1","ABHD2","ACAD9","ACIN1","AMOTL1","ANLN","ANXA4","APBA2","APBA3","BAI3","BCLAF1","BEST1")
    
    Rd file 'geneListProfile.Rd':
     \examples lines wider than 100 characters:
     glist<-c("ABCB7","ABCF1","ABHD2","ACAD9","ACIN1","AMOTL1","ANLN","ANXA4","APBA2","APBA3","BAI3","BCLAF1","BEST1")
    
    These lines will be truncated in the PDF manual.
Flavors: r-devel-linux-x86_64-debian-clang, r-devel-linux-x86_64-debian-gcc, r-devel-linux-x86_64-fedora-clang, r-devel-linux-x86_64-fedora-gcc, r-patched-linux-x86_64, r-release-linux-x86_64

Version: 1.0
Check: PDF version of manual
Result: WARN
    LaTeX errors when creating PDF version.
    This typically indicates Rd problems.
Flavor: r-devel-windows-x86_64-gcc10-UCRT

Version: 1.0
Check: PDF version of manual without hyperrefs or index
Result: ERROR
    Re-running with no redirection of stdout/stderr.
Flavor: r-devel-windows-x86_64-gcc10-UCRT