CRAN Package Check Results for Package geneNetBP

Last updated on 2019-05-22 18:51:42 CEST.

Flavor Version Tinstall Tcheck Ttotal Status Flags
r-devel-linux-x86_64-debian-clang 2.0.1 9.06 99.20 108.26 NOTE
r-devel-linux-x86_64-debian-gcc 2.0.1 8.68 80.73 89.41 NOTE
r-devel-linux-x86_64-fedora-clang 2.0.1 131.78 NOTE
r-devel-linux-x86_64-fedora-gcc 2.0.1 131.26 NOTE
r-devel-windows-ix86+x86_64 2.0.1 22.00 179.00 201.00 NOTE
r-patched-linux-x86_64 2.0.1 9.61 98.32 107.93 NOTE
r-patched-solaris-x86 2.0.1 211.60 NOTE
r-release-linux-x86_64 2.0.1 9.83 98.06 107.89 NOTE
r-release-windows-ix86+x86_64 2.0.1 26.00 146.00 172.00 NOTE
r-release-osx-x86_64 2.0.1 ERROR
r-oldrel-windows-ix86+x86_64 2.0.1 13.00 136.00 149.00 NOTE
r-oldrel-osx-x86_64 2.0.1 NOTE

Check Details

Version: 2.0.1
Check: package dependencies
Result: NOTE
    Package suggested but not available for checking: 'RHugin'
Flavors: r-devel-linux-x86_64-debian-clang, r-devel-linux-x86_64-debian-gcc, r-devel-linux-x86_64-fedora-clang, r-devel-linux-x86_64-fedora-gcc, r-devel-windows-ix86+x86_64, r-patched-linux-x86_64, r-patched-solaris-x86, r-release-linux-x86_64, r-release-windows-ix86+x86_64, r-oldrel-windows-ix86+x86_64, r-oldrel-osx-x86_64

Version: 2.0.1
Check: R code for possible problems
Result: NOTE
    fit.dbn: no visible global function definition for 'as'
    Undefined global functions or variables:
     as
    Consider adding
     importFrom("methods", "as")
    to your NAMESPACE file (and ensure that your DESCRIPTION Imports field
    contains 'methods').
Flavors: r-devel-linux-x86_64-debian-clang, r-devel-linux-x86_64-debian-gcc, r-devel-linux-x86_64-fedora-clang, r-devel-linux-x86_64-fedora-gcc, r-devel-windows-ix86+x86_64, r-patched-linux-x86_64, r-patched-solaris-x86, r-release-linux-x86_64, r-release-windows-ix86+x86_64, r-oldrel-windows-ix86+x86_64, r-oldrel-osx-x86_64

Version: 2.0.1
Check: package dependencies
Result: ERROR
    Packages required but not available: 'Rgraphviz', 'graph', 'gRain'
    
    Package suggested but not available for checking: ‘RHugin’
    
    See section ‘The DESCRIPTION file’ in the ‘Writing R Extensions’
    manual.
Flavor: r-release-osx-x86_64