CRAN Package Check Results for Package geneNetBP

Last updated on 2019-03-19 00:47:55 CET.

Flavor Version Tinstall Tcheck Ttotal Status Flags
r-devel-linux-x86_64-debian-clang 2.0.1 10.15 99.80 109.95 NOTE
r-devel-linux-x86_64-debian-gcc 2.0.1 9.66 79.70 89.36 NOTE
r-devel-linux-x86_64-fedora-clang 2.0.1 134.36 NOTE
r-devel-linux-x86_64-fedora-gcc 2.0.1 131.45 NOTE
r-devel-windows-ix86+x86_64 2.0.1 28.00 188.00 216.00 NOTE
r-patched-linux-x86_64 2.0.1 6.62 95.93 102.55 NOTE
r-patched-solaris-x86 2.0.1 189.90 NOTE
r-release-linux-x86_64 2.0.1 7.10 96.05 103.15 NOTE
r-release-windows-ix86+x86_64 2.0.1 13.00 175.00 188.00 NOTE
r-release-osx-x86_64 2.0.1 NOTE
r-oldrel-windows-ix86+x86_64 2.0.1 18.00 177.00 195.00 NOTE
r-oldrel-osx-x86_64 2.0.1 NOTE

Check Details

Version: 2.0.1
Check: package dependencies
Result: NOTE
    Package suggested but not available for checking: 'RHugin'
Flavors: r-devel-linux-x86_64-debian-clang, r-devel-linux-x86_64-debian-gcc, r-devel-linux-x86_64-fedora-clang, r-devel-linux-x86_64-fedora-gcc, r-devel-windows-ix86+x86_64, r-patched-linux-x86_64, r-patched-solaris-x86, r-release-linux-x86_64, r-release-windows-ix86+x86_64, r-release-osx-x86_64, r-oldrel-windows-ix86+x86_64, r-oldrel-osx-x86_64

Version: 2.0.1
Check: R code for possible problems
Result: NOTE
    fit.dbn: no visible global function definition for 'as'
    Undefined global functions or variables:
     as
    Consider adding
     importFrom("methods", "as")
    to your NAMESPACE file (and ensure that your DESCRIPTION Imports field
    contains 'methods').
Flavors: r-devel-linux-x86_64-debian-clang, r-devel-linux-x86_64-debian-gcc, r-devel-linux-x86_64-fedora-clang, r-devel-linux-x86_64-fedora-gcc, r-devel-windows-ix86+x86_64, r-patched-linux-x86_64, r-patched-solaris-x86, r-release-linux-x86_64, r-release-windows-ix86+x86_64, r-release-osx-x86_64, r-oldrel-windows-ix86+x86_64, r-oldrel-osx-x86_64