CRAN Package Check Results for Package genepi

Last updated on 2020-09-19 00:50:06 CEST.

Flavor Version Tinstall Tcheck Ttotal Status Flags
r-devel-linux-x86_64-debian-clang 1.0.1 3.28 26.88 30.16 NOTE
r-devel-linux-x86_64-debian-gcc 1.0.1 2.49 20.96 23.45 NOTE
r-devel-linux-x86_64-fedora-clang 1.0.1 46.18 NOTE
r-devel-linux-x86_64-fedora-gcc 1.0.1 35.98 NOTE
r-devel-windows-ix86+x86_64 1.0.1 9.00 58.00 67.00 NOTE
r-patched-linux-x86_64 1.0.1 2.86 26.77 29.63 NOTE
r-patched-solaris-x86 1.0.1 56.00 NOTE
r-release-linux-x86_64 1.0.1 2.50 26.88 29.38 NOTE
r-release-macos-x86_64 1.0.1 NOTE
r-release-windows-ix86+x86_64 1.0.1 8.00 49.00 57.00 NOTE
r-oldrel-macos-x86_64 1.0.1 NOTE
r-oldrel-windows-ix86+x86_64 1.0.1 8.00 66.00 74.00 NOTE

Check Details

Version: 1.0.1
Check: DESCRIPTION meta-information
Result: NOTE
    Malformed Description field: should contain one or more complete sentences.
Flavors: r-devel-linux-x86_64-debian-clang, r-devel-linux-x86_64-debian-gcc, r-devel-linux-x86_64-fedora-clang, r-devel-linux-x86_64-fedora-gcc, r-devel-windows-ix86+x86_64, r-patched-linux-x86_64, r-patched-solaris-x86, r-release-linux-x86_64, r-release-macos-x86_64, r-release-windows-ix86+x86_64, r-oldrel-macos-x86_64, r-oldrel-windows-ix86+x86_64

Version: 1.0.1
Check: compiled code
Result: NOTE
    File ‘genepi/libs/genepi.so’:
     Found no calls to: ‘R_registerRoutines’, ‘R_useDynamicSymbols’
    
    It is good practice to register native routines and to disable symbol
    search.
    
    See ‘Writing portable packages’ in the ‘Writing R Extensions’ manual.
Flavors: r-devel-linux-x86_64-fedora-clang, r-devel-linux-x86_64-fedora-gcc