Last updated on 2023-06-06 10:00:30 CEST.
Flavor | Version | Tinstall | Tcheck | Ttotal | Status | Flags |
---|---|---|---|---|---|---|
r-devel-linux-x86_64-debian-clang | 1.2.2 | 154.10 | 45.46 | 199.56 | NOTE | |
r-devel-linux-x86_64-debian-gcc | 1.2.2 | 125.74 | 33.09 | 158.83 | NOTE | |
r-devel-linux-x86_64-fedora-clang | 1.2.2 | 305.55 | NOTE | |||
r-devel-linux-x86_64-fedora-gcc | 1.2.2 | 285.14 | NOTE | |||
r-devel-windows-x86_64 | 1.2.2 | 112.00 | 81.00 | 193.00 | NOTE | |
r-patched-linux-x86_64 | 1.2.2 | 127.87 | 41.33 | 169.20 | NOTE | |
r-release-linux-x86_64 | 1.2.2 | 134.60 | 41.27 | 175.87 | NOTE | |
r-release-macos-arm64 | 1.2.2 | 75.00 | NOTE | |||
r-release-macos-x86_64 | 1.2.2 | 120.00 | NOTE | |||
r-release-windows-x86_64 | 1.2.2 | 139.00 | 94.00 | 233.00 | NOTE | |
r-oldrel-macos-arm64 | 1.2.2 | 67.00 | NOTE | |||
r-oldrel-macos-x86_64 | 1.2.2 | 87.00 | NOTE | |||
r-oldrel-windows-x86_64 | 1.2.2 | 132.00 | 86.00 | 218.00 | OK |
Version: 1.2.2
Check: C++ specification
Result: NOTE
Specified C++11: please drop specification unless essential
Flavors: r-devel-linux-x86_64-debian-clang, r-devel-linux-x86_64-debian-gcc, r-devel-linux-x86_64-fedora-clang, r-devel-linux-x86_64-fedora-gcc, r-devel-windows-x86_64, r-patched-linux-x86_64, r-release-linux-x86_64, r-release-macos-arm64, r-release-macos-x86_64, r-release-windows-x86_64
Version: 1.2.2
Check: installed package size
Result: NOTE
installed size is 12.1Mb
sub-directories of 1Mb or more:
doc 1.5Mb
libs 9.7Mb
Flavors: r-release-macos-arm64, r-release-macos-x86_64, r-oldrel-macos-arm64, r-oldrel-macos-x86_64