CRAN Package Check Results for Package genepop

Last updated on 2022-08-09 20:53:49 CEST.

Flavor Version Tinstall Tcheck Ttotal Status Flags
r-devel-linux-x86_64-debian-clang 1.1.7 133.70 51.72 185.42 NOTE
r-devel-linux-x86_64-debian-gcc 1.1.7 118.91 32.58 151.49 NOTE
r-devel-linux-x86_64-fedora-clang 1.1.7 299.49 NOTE
r-devel-linux-x86_64-fedora-gcc 1.1.7 262.08 NOTE
r-devel-windows-x86_64 1.1.7 158.00 90.00 248.00 NOTE
r-patched-linux-x86_64 1.1.7 120.45 40.05 160.50 NOTE
r-release-linux-x86_64 1.1.7 NOTE
r-release-macos-arm64 1.1.7 67.00 NOTE
r-release-macos-x86_64 1.1.7 82.00 NOTE
r-release-windows-x86_64 1.1.7 174.00 98.00 272.00 NOTE
r-oldrel-macos-arm64 1.1.7 79.00 NOTE
r-oldrel-macos-x86_64 1.1.7 117.00 NOTE
r-oldrel-windows-ix86+x86_64 1.1.7 325.00 101.00 426.00 NOTE

Check Details

Version: 1.1.7
Check: LazyData
Result: NOTE
     'LazyData' is specified without a 'data' directory
Flavors: r-devel-linux-x86_64-debian-clang, r-devel-linux-x86_64-debian-gcc, r-devel-linux-x86_64-fedora-clang, r-devel-linux-x86_64-fedora-gcc, r-devel-windows-x86_64, r-patched-linux-x86_64, r-release-linux-x86_64, r-release-macos-arm64, r-release-macos-x86_64, r-release-windows-x86_64, r-oldrel-macos-arm64, r-oldrel-macos-x86_64, r-oldrel-windows-ix86+x86_64

Version: 1.1.7
Check: installed package size
Result: NOTE
     installed size is 8.7Mb
     sub-directories of 1Mb or more:
     doc 1.0Mb
     libs 6.6Mb
Flavors: r-devel-linux-x86_64-fedora-clang, r-release-macos-arm64, r-release-macos-x86_64, r-oldrel-macos-arm64, r-oldrel-macos-x86_64, r-oldrel-windows-ix86+x86_64