CRAN Package Check Results for Package genero

Last updated on 2022-11-29 20:53:00 CET.

Flavor Version Tinstall Tcheck Ttotal Status Flags
r-devel-linux-x86_64-debian-clang 0.1.0 3.01 29.01 32.02 NOTE
r-devel-linux-x86_64-debian-gcc 0.1.0 2.10 22.95 25.05 NOTE
r-devel-linux-x86_64-fedora-clang 0.1.0 52.10 NOTE
r-devel-linux-x86_64-fedora-gcc 0.1.0 48.27 NOTE
r-devel-windows-x86_64 0.1.0 14.00 62.00 76.00 NOTE
r-patched-linux-x86_64 0.1.0 3.04 28.03 31.07 OK
r-release-linux-x86_64 0.1.0 2.52 28.57 31.09 OK
r-release-macos-arm64 0.1.0 16.00 OK
r-release-macos-x86_64 0.1.0 26.00 OK
r-release-windows-x86_64 0.1.0 12.00 61.00 73.00 OK
r-oldrel-macos-arm64 0.1.0 20.00 OK
r-oldrel-macos-x86_64 0.1.0 37.00 OK
r-oldrel-windows-ix86+x86_64 0.1.0 7.00 55.00 62.00 OK

Check Details

Version: 0.1.0
Check: package subdirectories
Result: NOTE
    Problems with news in 'NEWS.md':
    No news entries found.
Flavors: r-devel-linux-x86_64-debian-clang, r-devel-linux-x86_64-debian-gcc, r-devel-linux-x86_64-fedora-clang, r-devel-linux-x86_64-fedora-gcc, r-devel-windows-x86_64