Last updated on 2023-05-28 17:55:23 CEST.
Flavor | Version | Tinstall | Tcheck | Ttotal | Status | Flags |
---|---|---|---|---|---|---|
r-devel-linux-x86_64-debian-clang | 0.4.0 | 12.74 | 168.10 | 180.84 | OK | |
r-devel-linux-x86_64-debian-gcc | 0.4.0 | 10.58 | 125.98 | 136.56 | OK | |
r-devel-linux-x86_64-fedora-clang | 0.4.0 | 225.14 | NOTE | |||
r-devel-linux-x86_64-fedora-gcc | 0.4.0 | 231.50 | NOTE | |||
r-devel-windows-x86_64 | 0.4.0 | 17.00 | 129.00 | 146.00 | OK | |
r-patched-linux-x86_64 | 0.4.0 | 11.11 | 159.51 | 170.62 | OK | |
r-release-linux-x86_64 | 0.4.0 | 12.41 | 158.78 | 171.19 | OK | |
r-release-macos-arm64 | 0.4.0 | 78.00 | OK | |||
r-release-macos-x86_64 | 0.4.0 | 129.00 | OK | |||
r-release-windows-x86_64 | 0.4.0 | 21.00 | 165.00 | 186.00 | OK | |
r-oldrel-macos-arm64 | 0.4.0 | 37.00 | NOTE | |||
r-oldrel-macos-x86_64 | 0.4.0 | 69.00 | NOTE | |||
r-oldrel-windows-x86_64 | 0.4.0 | 21.00 | 168.00 | 189.00 | OK |
Version: 0.4.0
Check: dependencies in R code
Result: NOTE
Namespaces in Imports field not imported from:
‘GGEBiplots’ ‘calibrate’ ‘graphics’ ‘matrixStats’ ‘prettydoc’
‘reshape2’
All declared Imports should be used.
Flavors: r-devel-linux-x86_64-fedora-clang, r-devel-linux-x86_64-fedora-gcc, r-oldrel-macos-arm64, r-oldrel-macos-x86_64