CRAN Package Check Results for Package genetics

Last updated on 2019-05-21 10:48:21 CEST.

Flavor Version Tinstall Tcheck Ttotal Status Flags
r-devel-linux-x86_64-debian-clang 1.3.8.1.2 5.60 62.27 67.87 NOTE
r-devel-linux-x86_64-debian-gcc 1.3.8.1.2 4.32 47.74 52.06 NOTE
r-devel-linux-x86_64-fedora-clang 1.3.8.1.2 76.79 NOTE
r-devel-linux-x86_64-fedora-gcc 1.3.8.1.2 75.01 NOTE
r-devel-windows-ix86+x86_64 1.3.8.1.2 19.00 86.00 105.00 OK
r-patched-linux-x86_64 1.3.8.1.2 4.88 61.32 66.20 NOTE
r-patched-solaris-x86 1.3.8.1.2 96.50 NOTE
r-release-linux-x86_64 1.3.8.1.2 6.11 60.89 67.00 NOTE
r-release-windows-ix86+x86_64 1.3.8.1.2 11.00 90.00 101.00 OK
r-release-osx-x86_64 1.3.8.1.2 NOTE
r-oldrel-windows-ix86+x86_64 1.3.8.1.2 7.00 70.00 77.00 OK
r-oldrel-osx-x86_64 1.3.8.1.2 NOTE

Check Details

Version: 1.3.8.1.2
Check: Rd cross-references
Result: NOTE
    Package unavailable to check Rd xrefs: 'GeneticsDesign'
Flavors: r-devel-linux-x86_64-debian-clang, r-devel-linux-x86_64-debian-gcc, r-devel-linux-x86_64-fedora-clang, r-devel-linux-x86_64-fedora-gcc, r-patched-linux-x86_64, r-patched-solaris-x86, r-release-linux-x86_64, r-release-osx-x86_64, r-oldrel-osx-x86_64

Version: 1.3.8.1.2
Check: Rd \usage sections
Result: NOTE
    S3 methods shown with full name in documentation object 'diseq':
     ‘diseq.ci’
    
    The \usage entries for S3 methods should use the \method markup and not
    their full name.
    See chapter ‘Writing R documentation files’ in the ‘Writing R
    Extensions’ manual.
Flavor: r-oldrel-osx-x86_64