Last updated on 2023-03-27 21:54:20 CEST.
Flavor | Version | Tinstall | Tcheck | Ttotal | Status | Flags |
---|---|---|---|---|---|---|
r-devel-linux-x86_64-debian-clang | 1.1.3 | 53.73 | 31.38 | 85.11 | NOTE | |
r-devel-linux-x86_64-debian-gcc | 1.1.3 | 42.19 | 24.15 | 66.34 | NOTE | |
r-devel-linux-x86_64-fedora-clang | 1.1.3 | 127.03 | NOTE | |||
r-devel-linux-x86_64-fedora-gcc | 1.1.3 | 111.02 | NOTE | |||
r-patched-linux-x86_64 | 1.1.3 | 44.11 | 30.77 | 74.88 | NOTE | |
r-release-linux-x86_64 | 1.1.3 | 47.47 | 30.52 | 77.99 | OK | |
r-release-macos-arm64 | 1.1.3 | 34.00 | OK | |||
r-release-macos-x86_64 | 1.1.3 | 43.00 | OK | |||
r-release-windows-x86_64 | 1.1.3 | 69.00 | 85.00 | 154.00 | OK | |
r-oldrel-macos-arm64 | 1.1.3 | 34.00 | OK | |||
r-oldrel-macos-x86_64 | 1.1.3 | 48.00 | OK | |||
r-oldrel-windows-ix86+x86_64 | 1.1.3 | 124.00 | 83.00 | 207.00 | OK |
Version: 1.1.3
Check: C++ specification
Result: NOTE
Specified C++11: please drop specification unless essential
Flavors: r-devel-linux-x86_64-debian-clang, r-devel-linux-x86_64-debian-gcc, r-devel-linux-x86_64-fedora-clang, r-devel-linux-x86_64-fedora-gcc, r-patched-linux-x86_64