Last updated on 2021-03-01 11:47:32 CET.
Flavor | Version | Tinstall | Tcheck | Ttotal | Status | Flags |
---|---|---|---|---|---|---|
r-devel-linux-x86_64-debian-clang | 1.5 | OK | ||||
r-devel-linux-x86_64-debian-gcc | 1.5 | 9.64 | 95.57 | 105.21 | OK | |
r-devel-linux-x86_64-fedora-clang | 1.5 | 175.53 | OK | |||
r-devel-linux-x86_64-fedora-gcc | 1.5 | 163.07 | OK | |||
r-devel-windows-ix86+x86_64 | 1.5 | 22.00 | 129.00 | 151.00 | OK | |
r-patched-linux-x86_64 | 1.5 | 9.58 | 116.76 | 126.34 | OK | |
r-patched-solaris-x86 | 1.5 | 216.00 | OK | |||
r-release-linux-x86_64 | 1.5 | 11.56 | 118.25 | 129.81 | OK | |
r-release-macos-x86_64 | 1.5 | OK | ||||
r-release-windows-ix86+x86_64 | 1.5 | 34.00 | 38.00 | 72.00 | FAIL | |
r-oldrel-macos-x86_64 | 1.5 | OK | ||||
r-oldrel-windows-ix86+x86_64 | 1.5 | 17.00 | 167.00 | 184.00 | OK |
Version: 1.5
Check: loading without being on the library search path
Result: FAIL
Flavor: r-release-windows-ix86+x86_64