CRAN Package Check Results for Package genlogis

Last updated on 2023-02-05 11:56:37 CET.

Flavor Version Tinstall Tcheck Ttotal Status Flags
r-devel-linux-x86_64-debian-clang 1.0.0 7.31 55.78 63.09 NOTE
r-devel-linux-x86_64-debian-gcc 1.0.0 5.16 41.06 46.22 NOTE
r-devel-linux-x86_64-fedora-clang 1.0.0 83.11 NOTE
r-devel-linux-x86_64-fedora-gcc 1.0.0 73.78 NOTE
r-devel-windows-x86_64 1.0.0 13.00 98.00 111.00 NOTE
r-patched-linux-x86_64 1.0.0 6.29 52.44 58.73 NOTE
r-release-linux-x86_64 1.0.0 7.14 52.90 60.04 NOTE
r-release-macos-arm64 1.0.0 49.00 NOTE
r-release-macos-x86_64 1.0.0 57.00 NOTE
r-release-windows-x86_64 1.0.0 13.00 108.00 121.00 NOTE
r-oldrel-macos-arm64 1.0.0 39.00 NOTE
r-oldrel-macos-x86_64 1.0.0 73.00 NOTE
r-oldrel-windows-ix86+x86_64 1.0.0 16.00 96.00 112.00 NOTE

Additional issues

donttest

Check Details

Version: 1.0.0
Check: LazyData
Result: NOTE
     'LazyData' is specified without a 'data' directory
Flavors: r-devel-linux-x86_64-debian-clang, r-devel-linux-x86_64-debian-gcc, r-devel-linux-x86_64-fedora-clang, r-devel-linux-x86_64-fedora-gcc, r-devel-windows-x86_64, r-patched-linux-x86_64, r-release-linux-x86_64, r-release-macos-arm64, r-release-macos-x86_64, r-release-windows-x86_64, r-oldrel-macos-arm64, r-oldrel-macos-x86_64, r-oldrel-windows-ix86+x86_64