CRAN Package Check Results for Package genomic.autocorr

Last updated on 2023-06-06 17:58:40 CEST.

Flavor Version Tinstall Tcheck Ttotal Status Flags
r-devel-linux-x86_64-debian-clang 1.0-1 3.22 54.63 57.85 NOTE
r-devel-linux-x86_64-debian-gcc 1.0-1 2.53 40.95 43.48 NOTE
r-devel-linux-x86_64-fedora-clang 1.0-1 70.67 NOTE
r-devel-linux-x86_64-fedora-gcc 1.0-1 66.15 NOTE
r-devel-windows-x86_64 1.0-1 4.00 62.00 66.00 NOTE
r-patched-linux-x86_64 1.0-1 3.20 51.45 54.65 NOTE
r-release-linux-x86_64 1.0-1 2.47 51.68 54.15 NOTE
r-release-macos-arm64 1.0-1 24.00 NOTE
r-release-macos-x86_64 1.0-1 37.00 NOTE
r-release-windows-x86_64 1.0-1 5.00 65.00 70.00 NOTE
r-oldrel-macos-arm64 1.0-1 25.00 NOTE
r-oldrel-macos-x86_64 1.0-1 31.00 NOTE
r-oldrel-windows-x86_64 1.0-1 5.00 71.00 76.00 NOTE

Check Details

Version: 1.0-1
Check: LazyData
Result: NOTE
     'LazyData' is specified without a 'data' directory
Flavors: r-devel-linux-x86_64-debian-clang, r-devel-linux-x86_64-debian-gcc, r-devel-linux-x86_64-fedora-clang, r-devel-linux-x86_64-fedora-gcc, r-devel-windows-x86_64, r-patched-linux-x86_64, r-release-linux-x86_64, r-release-macos-arm64, r-release-macos-x86_64, r-release-windows-x86_64, r-oldrel-macos-arm64, r-oldrel-macos-x86_64, r-oldrel-windows-x86_64