CRAN Package Check Results for Package genotypeR

Last updated on 2021-07-24 02:48:32 CEST.

Flavor Version Tinstall Tcheck Ttotal Status Flags
r-devel-linux-x86_64-debian-clang 0.0.1.8 11.98 111.88 123.86 NOTE
r-devel-linux-x86_64-debian-gcc 0.0.1.8 9.65 82.70 92.35 NOTE
r-devel-linux-x86_64-fedora-clang 0.0.1.8 151.91 NOTE
r-devel-linux-x86_64-fedora-gcc 0.0.1.8 140.23 NOTE
r-devel-windows-x86_64 0.0.1.8 14.00 97.00 111.00 NOTE
r-devel-windows-x86_64-gcc10-UCRT 0.0.1.8 NOTE
r-patched-linux-x86_64 0.0.1.8 10.98 103.12 114.10 NOTE
r-patched-solaris-x86 0.0.1.8 198.10 NOTE
r-release-linux-x86_64 0.0.1.8 12.28 102.65 114.93 NOTE
r-release-macos-arm64 0.0.1.8 NOTE
r-release-macos-x86_64 0.0.1.8 NOTE
r-release-windows-ix86+x86_64 0.0.1.8 26.00 133.00 159.00 NOTE
r-oldrel-macos-x86_64 0.0.1.8 NOTE
r-oldrel-windows-ix86+x86_64 0.0.1.8 27.00 138.00 165.00 NOTE

Check Details

Version: 0.0.1.8
Check: package vignettes
Result: NOTE
    Package vignette with placeholder title 'Vignette Title':
     'genotypeR.Rmd'
Flavors: r-devel-linux-x86_64-debian-clang, r-devel-linux-x86_64-debian-gcc, r-devel-windows-x86_64, r-patched-linux-x86_64, r-release-linux-x86_64, r-release-windows-ix86+x86_64, r-oldrel-windows-ix86+x86_64

Version: 0.0.1.8
Check: for non-standard things in the check directory
Result: NOTE
    Found the following files/directories:
     'test.csv' 'test_temp_cross.csv'
Flavors: r-devel-linux-x86_64-debian-clang, r-devel-linux-x86_64-debian-gcc, r-devel-linux-x86_64-fedora-clang, r-devel-linux-x86_64-fedora-gcc, r-patched-linux-x86_64, r-patched-solaris-x86, r-release-linux-x86_64

Version: 0.0.1.8
Check: dependencies in R code
Result: NOTE
    Namespace in Imports field not imported from: ‘colorspace’
     All declared Imports should be used.
Flavors: r-devel-linux-x86_64-fedora-clang, r-devel-linux-x86_64-fedora-gcc, r-devel-windows-x86_64-gcc10-UCRT, r-patched-solaris-x86, r-release-macos-arm64, r-release-macos-x86_64, r-oldrel-macos-x86_64