Last updated on 2023-06-05 11:56:49 CEST.
Flavor | Version | Tinstall | Tcheck | Ttotal | Status | Flags |
---|---|---|---|---|---|---|
r-devel-linux-x86_64-debian-clang | 1.0.2.1 | 17.15 | 127.06 | 144.21 | OK | |
r-devel-linux-x86_64-debian-gcc | 1.0.2.1 | 12.38 | 96.00 | 108.38 | OK | |
r-devel-linux-x86_64-fedora-clang | 1.0.2.1 | 173.96 | OK | |||
r-devel-linux-x86_64-fedora-gcc | 1.0.2.1 | 185.10 | OK | |||
r-devel-windows-x86_64 | 1.0.2.1 | 19.00 | 144.00 | 163.00 | OK | |
r-patched-linux-x86_64 | 1.0.2.1 | 17.08 | 126.09 | 143.17 | OK | |
r-release-linux-x86_64 | 1.0.2.1 | 16.29 | 126.67 | 142.96 | OK | |
r-release-macos-arm64 | 1.0.2.1 | 65.00 | OK | |||
r-release-macos-x86_64 | 1.0.2 | 101.00 | NOTE | |||
r-release-windows-x86_64 | 1.0.2.1 | 21.00 | 169.00 | 190.00 | OK | |
r-oldrel-macos-arm64 | 1.0.2.1 | 59.00 | OK | |||
r-oldrel-macos-x86_64 | 1.0.2.1 | 69.00 | OK | |||
r-oldrel-windows-x86_64 | 1.0.2.1 | 21.00 | 152.00 | 173.00 | OK |
Version: 1.0.2
Check: LazyData
Result: NOTE
'LazyData' is specified without a 'data' directory
Flavor: r-release-macos-x86_64