CRAN Package Check Results for Package genset

Last updated on 2024-02-29 23:52:52 CET.

Flavor Version Tinstall Tcheck Ttotal Status Flags
r-devel-linux-x86_64-debian-clang 0.1.0 1.82 179.60 181.42 NOTE
r-devel-linux-x86_64-debian-gcc 0.1.0 1.89 128.57 130.46 NOTE
r-devel-linux-x86_64-fedora-clang 0.1.0 216.45 NOTE
r-devel-linux-x86_64-fedora-gcc 0.1.0 223.54 NOTE
r-devel-windows-x86_64 0.1.0 3.00 125.00 128.00 NOTE
r-patched-linux-x86_64 0.1.0 1.75 177.48 179.23 NOTE
r-release-linux-x86_64 0.1.0 2.65 174.87 177.52 NOTE
r-release-macos-arm64 0.1.0 62.00 NOTE
r-release-macos-x86_64 0.1.0 115.00 NOTE
r-release-windows-x86_64 0.1.0 4.00 172.00 176.00 NOTE
r-oldrel-macos-arm64 0.1.0 51.00 NOTE
r-oldrel-windows-x86_64 0.1.0 4.00 177.00 181.00 NOTE

Check Details

Version: 0.1.0
Check: LazyData
Result: NOTE 'LazyData' is specified without a 'data' directory Flavors: r-devel-linux-x86_64-debian-clang, r-devel-linux-x86_64-debian-gcc, r-devel-linux-x86_64-fedora-clang, r-devel-linux-x86_64-fedora-gcc, r-devel-windows-x86_64, r-patched-linux-x86_64, r-release-linux-x86_64, r-release-macos-arm64, r-release-macos-x86_64, r-release-windows-x86_64, r-oldrel-macos-arm64, r-oldrel-windows-x86_64