CRAN Package Check Results for Package genset

Last updated on 2022-08-16 00:54:19 CEST.

Flavor Version Tinstall Tcheck Ttotal Status Flags
r-devel-linux-x86_64-debian-clang 0.1.0 1.71 182.70 184.41 NOTE
r-devel-linux-x86_64-debian-gcc 0.1.0 2.00 129.40 131.40 NOTE
r-devel-linux-x86_64-fedora-clang 0.1.0 218.98 NOTE
r-devel-linux-x86_64-fedora-gcc 0.1.0 221.50 NOTE
r-devel-windows-x86_64 0.1.0 6.00 208.00 214.00 NOTE
r-patched-linux-x86_64 0.1.0 2.44 170.36 172.80 NOTE
r-release-linux-x86_64 0.1.0 2.23 169.05 171.28 NOTE
r-release-macos-arm64 0.1.0 46.00 NOTE
r-release-macos-x86_64 0.1.0 65.00 NOTE
r-release-windows-x86_64 0.1.0 9.00 199.00 208.00 NOTE
r-oldrel-macos-arm64 0.1.0 52.00 NOTE
r-oldrel-macos-x86_64 0.1.0 103.00 NOTE
r-oldrel-windows-ix86+x86_64 0.1.0 5.00 208.00 213.00 NOTE

Check Details

Version: 0.1.0
Check: LazyData
Result: NOTE
     'LazyData' is specified without a 'data' directory
Flavors: r-devel-linux-x86_64-debian-clang, r-devel-linux-x86_64-debian-gcc, r-devel-linux-x86_64-fedora-clang, r-devel-linux-x86_64-fedora-gcc, r-devel-windows-x86_64, r-patched-linux-x86_64, r-release-linux-x86_64, r-release-macos-arm64, r-release-macos-x86_64, r-release-windows-x86_64, r-oldrel-macos-arm64, r-oldrel-macos-x86_64, r-oldrel-windows-ix86+x86_64