Last updated on 2023-12-10 11:51:17 CET.
Flavor | Version | Tinstall | Tcheck | Ttotal | Status | Flags |
---|---|---|---|---|---|---|
r-devel-linux-x86_64-debian-clang | 0.0.1.4.2 | 2.67 | 51.38 | 54.05 | OK | |
r-devel-linux-x86_64-debian-gcc | 0.0.1.4.2 | 2.40 | 38.78 | 41.18 | OK | |
r-devel-linux-x86_64-fedora-clang | 0.0.1.4.2 | 69.50 | NOTE | |||
r-devel-linux-x86_64-fedora-gcc | 0.0.1.4.2 | 81.39 | NOTE | |||
r-devel-windows-x86_64 | 0.0.1.4.2 | 5.00 | 66.00 | 71.00 | OK | |
r-patched-linux-x86_64 | 0.0.1.4.2 | 2.16 | 49.63 | 51.79 | OK | |
r-release-linux-x86_64 | 0.0.1.4.2 | 2.32 | 49.36 | 51.68 | OK | |
r-release-macos-arm64 | 0.0.1.4.2 | 43.00 | OK | |||
r-release-macos-x86_64 | 0.0.1.4.2 | 63.00 | OK | |||
r-release-windows-x86_64 | 0.0.1.4.2 | 6.00 | 77.00 | 83.00 | OK | |
r-oldrel-macos-arm64 | 0.0.1.4.2 | 38.00 | OK | |||
r-oldrel-macos-x86_64 | 0.0.1.4.2 | 44.00 | OK | |||
r-oldrel-windows-x86_64 | 0.0.1.4.2 | 6.00 | 76.00 | 82.00 | OK |
Version: 0.0.1.4.2
Check: dependencies in R code
Result: NOTE
Namespace in Imports field not imported from: ‘httr’
All declared Imports should be used.
Flavors: r-devel-linux-x86_64-fedora-clang, r-devel-linux-x86_64-fedora-gcc
Version: 0.0.1.4.2
Check: data for non-ASCII characters
Result: NOTE
Note: found 144 marked UTF-8 strings
Flavors: r-devel-linux-x86_64-fedora-clang, r-devel-linux-x86_64-fedora-gcc