CRAN Package Check Results for Package geoBayes

Last updated on 2021-03-02 13:48:11 CET.

Flavor Version Tinstall Tcheck Ttotal Status Flags
r-devel-linux-x86_64-debian-clang 0.6.3 OK
r-devel-linux-x86_64-debian-gcc 0.6.3 26.90 41.53 68.43 OK
r-devel-linux-x86_64-fedora-clang 0.6.3 122.41 OK
r-devel-linux-x86_64-fedora-gcc 0.6.3 110.56 OK
r-devel-windows-ix86+x86_64 0.6.3 75.00 66.00 141.00 OK
r-patched-linux-x86_64 0.6.3 32.95 50.58 83.53 OK
r-patched-solaris-x86 0.6.3 159.70 OK
r-release-linux-x86_64 0.6.3 31.79 50.88 82.67 OK
r-release-macos-x86_64 0.6.3 OK
r-release-windows-ix86+x86_64 0.6.3 98.00 5.00 103.00 ERROR
r-oldrel-macos-x86_64 0.6.3 OK
r-oldrel-windows-ix86+x86_64 0.6.3 91.00 83.00 174.00 OK

Check Details

Version: 0.6.3
Check: whether package can be installed
Result: ERROR
    Installation failed.
    See * DONE
Flavor: r-release-windows-ix86+x86_64