Last updated on 2021-03-02 13:48:11 CET.
Flavor | Version | Tinstall | Tcheck | Ttotal | Status | Flags |
---|---|---|---|---|---|---|
r-devel-linux-x86_64-debian-clang | 0.1-2 | OK | ||||
r-devel-linux-x86_64-debian-gcc | 0.1-2 | 10.30 | 62.13 | 72.43 | OK | |
r-devel-linux-x86_64-fedora-clang | 0.1-2 | 119.53 | OK | |||
r-devel-linux-x86_64-fedora-gcc | 0.1-2 | 107.41 | OK | |||
r-devel-windows-ix86+x86_64 | 0.1-2 | 16.00 | 71.00 | 87.00 | OK | |
r-patched-linux-x86_64 | 0.1-2 | 12.14 | 75.32 | 87.46 | OK | |
r-patched-solaris-x86 | 0.1-2 | 157.50 | OK | |||
r-release-linux-x86_64 | 0.1-2 | 12.26 | 76.12 | 88.38 | OK | |
r-release-macos-x86_64 | 0.1-2 | OK | ||||
r-release-windows-ix86+x86_64 | 0.1-2 | 24.00 | 22.00 | 46.00 | FAIL | |
r-oldrel-macos-x86_64 | 0.1-2 | OK | ||||
r-oldrel-windows-ix86+x86_64 | 0.1-2 | 16.00 | 93.00 | 109.00 | OK |
Version: 0.1-2
Check: loading without being on the library search path
Result: FAIL
Flavor: r-release-windows-ix86+x86_64