CRAN Package Check Results for Package geoRglm

Last updated on 2019-09-23 09:50:46 CEST.

Flavor Version Tinstall Tcheck Ttotal Status Flags
r-devel-linux-x86_64-debian-clang 0.9-11 18.20 99.16 117.36 OK
r-devel-linux-x86_64-debian-gcc 0.9-11 13.66 74.31 87.97 OK
r-devel-linux-x86_64-fedora-clang 0.9-11 143.76 OK
r-devel-linux-x86_64-fedora-gcc 0.9-11 145.12 OK
r-devel-windows-ix86+x86_64 0.9-11 33.00 178.00 211.00 OK
r-patched-linux-x86_64 0.9-11 15.49 100.70 116.19 OK
r-patched-solaris-x86 0.9-11 218.20 OK
r-release-linux-x86_64 0.9-11 16.13 101.80 117.93 OK
r-release-windows-ix86+x86_64 0.9-11 41.00 172.00 213.00 OK
r-release-osx-x86_64 0.9-11 FAIL
r-oldrel-windows-ix86+x86_64 0.9-11 21.00 132.00 153.00 OK
r-oldrel-osx-x86_64 0.9-11 OK

Additional issues

LTO

Check Details

Version: 0.9-11
Check: whether package can be installed
Result: FAIL
    
Flavor: r-release-osx-x86_64