CRAN Package Check Results for Package geobr

Last updated on 2024-02-21 06:07:35 CET.

Flavor Version Tinstall Tcheck Ttotal Status Flags
r-devel-linux-x86_64-debian-clang 1.8.2 NOTE
r-devel-linux-x86_64-debian-gcc 1.8.2 4.83 62.64 67.47 OK
r-devel-linux-x86_64-fedora-clang 1.8.2 108.91 NOTE
r-devel-linux-x86_64-fedora-gcc 1.8.2 113.56 NOTE
r-devel-windows-x86_64 1.8.2 7.00 85.00 92.00 OK
r-patched-linux-x86_64 1.8.2 7.97 80.66 88.63 OK
r-release-linux-x86_64 1.8.2 5.14 80.42 85.56 OK
r-release-macos-arm64 1.8.2 42.00 OK
r-release-macos-x86_64 1.8.2 79.00 OK
r-release-windows-x86_64 1.8.2 10.00 100.00 110.00 OK
r-oldrel-macos-arm64 1.8.2 37.00 OK
r-oldrel-windows-x86_64 1.8.2 10.00 96.00 106.00 OK

Check Details

Version: 1.8.2
Check: package dependencies
Result: NOTE Package suggested but not available for checking: ‘censobr’ Flavors: r-devel-linux-x86_64-debian-clang, r-devel-linux-x86_64-fedora-clang

Version: 1.8.2
Check: data for non-ASCII characters
Result: NOTE Note: found 58 marked UTF-8 strings Flavors: r-devel-linux-x86_64-fedora-clang, r-devel-linux-x86_64-fedora-gcc