CRAN Package Check Results for Package geodimension

Last updated on 2023-06-05 11:56:49 CEST.

Flavor Version Tinstall Tcheck Ttotal Status Flags
r-devel-linux-x86_64-debian-clang 1.0.0 6.29 239.59 245.88 OK
r-devel-linux-x86_64-debian-gcc 1.0.0 6.44 185.86 192.30 OK
r-devel-linux-x86_64-fedora-clang 1.0.0 306.04 NOTE
r-devel-linux-x86_64-fedora-gcc 1.0.0 315.65 NOTE
r-devel-windows-x86_64 1.0.0 10.00 209.00 219.00 OK
r-patched-linux-x86_64 1.0.0 6.57 228.57 235.14 OK
r-release-linux-x86_64 1.0.0 6.43 232.35 238.78 OK
r-release-macos-arm64 1.0.0 102.00 OK
r-release-macos-x86_64 1.0.0 161.00 OK
r-release-windows-x86_64 1.0.0 11.00 291.00 302.00 OK
r-oldrel-macos-arm64 1.0.0 79.00 NOTE
r-oldrel-macos-x86_64 1.0.0 182.00 NOTE
r-oldrel-windows-x86_64 1.0.0 11.00 299.00 310.00 OK

Check Details

Version: 1.0.0
Check: dependencies in R code
Result: NOTE
    Namespaces in Imports field not imported from:
     ‘pander’ ‘readr’ ‘tidyr’
     All declared Imports should be used.
Flavors: r-devel-linux-x86_64-fedora-clang, r-devel-linux-x86_64-fedora-gcc, r-oldrel-macos-arm64, r-oldrel-macos-x86_64

Version: 1.0.0
Check: data for non-ASCII characters
Result: NOTE
     Note: found 80 marked UTF-8 strings
Flavors: r-devel-linux-x86_64-fedora-clang, r-devel-linux-x86_64-fedora-gcc, r-oldrel-macos-arm64, r-oldrel-macos-x86_64