CRAN Package Check Results for Package geodrawr

Last updated on 2024-06-13 19:48:27 CEST.

Flavor Version Tinstall Tcheck Ttotal Status Flags
r-devel-linux-x86_64-debian-clang 2.0.0 4.84 52.55 57.39 NOTE
r-devel-linux-x86_64-debian-gcc 2.0.0 5.08 39.89 44.97 NOTE
r-devel-linux-x86_64-fedora-clang 2.0.0 71.24 NOTE
r-devel-linux-x86_64-fedora-gcc 2.0.0 68.03 NOTE
r-devel-windows-x86_64 2.0.0 7.00 55.00 62.00 NOTE
r-patched-linux-x86_64 2.0.0 5.66 49.19 54.85 NOTE
r-release-linux-x86_64 2.0.0 5.99 50.48 56.47 NOTE
r-release-macos-arm64 2.0.0 24.00 NOTE
r-release-macos-x86_64 2.0.0 36.00 NOTE
r-release-windows-x86_64 2.0.0 8.00 58.00 66.00 NOTE
r-oldrel-macos-arm64 2.0.0 30.00 NOTE
r-oldrel-macos-x86_64 2.0.0 42.00 NOTE
r-oldrel-windows-x86_64 2.0.0 8.00 62.00 70.00 NOTE

Check Details

Version: 2.0.0
Check: LazyData
Result: NOTE 'LazyData' is specified without a 'data' directory Flavors: r-devel-linux-x86_64-debian-clang, r-devel-linux-x86_64-debian-gcc, r-devel-linux-x86_64-fedora-clang, r-devel-linux-x86_64-fedora-gcc, r-devel-windows-x86_64, r-patched-linux-x86_64, r-release-linux-x86_64, r-release-macos-arm64, r-release-macos-x86_64, r-release-windows-x86_64, r-oldrel-macos-arm64, r-oldrel-macos-x86_64, r-oldrel-windows-x86_64