CRAN Package Check Results for Package geodrawr

Last updated on 2021-10-19 07:49:36 CEST.

Flavor Version Tinstall Tcheck Ttotal Status Flags
r-devel-linux-x86_64-debian-clang 2.0.0 4.84 56.65 61.49 NOTE
r-devel-linux-x86_64-debian-gcc 2.0.0 4.24 42.21 46.45 NOTE
r-devel-linux-x86_64-fedora-clang 2.0.0 84.59 NOTE
r-devel-linux-x86_64-fedora-gcc 2.0.0 72.33 NOTE
r-devel-windows-x86_64 2.0.0 11.00 73.00 84.00 NOTE
r-devel-windows-x86_64-gcc10-UCRT 2.0.0 NOTE
r-patched-linux-x86_64 2.0.0 5.29 52.47 57.76 NOTE
r-patched-solaris-x86 2.0.0 114.20 NOTE
r-release-linux-x86_64 2.0.0 4.22 53.12 57.34 NOTE
r-release-macos-arm64 2.0.0 NOTE
r-release-macos-x86_64 2.0.0 NOTE
r-release-windows-ix86+x86_64 2.0.0 12.00 75.00 87.00 NOTE
r-oldrel-macos-x86_64 2.0.0 OK
r-oldrel-windows-ix86+x86_64 2.0.0 17.00 72.00 89.00 OK

Check Details

Version: 2.0.0
Check: LazyData
Result: NOTE
     'LazyData' is specified without a 'data' directory
Flavors: r-devel-linux-x86_64-debian-clang, r-devel-linux-x86_64-debian-gcc, r-devel-linux-x86_64-fedora-clang, r-devel-linux-x86_64-fedora-gcc, r-devel-windows-x86_64, r-devel-windows-x86_64-gcc10-UCRT, r-patched-linux-x86_64, r-patched-solaris-x86, r-release-linux-x86_64, r-release-macos-arm64, r-release-macos-x86_64, r-release-windows-ix86+x86_64