CRAN Package Check Results for Package geoelectrics

Last updated on 2019-06-19 20:46:39 CEST.

Flavor Version Tinstall Tcheck Ttotal Status Flags
r-devel-linux-x86_64-debian-clang 0.2.0 8.06 61.87 69.93 OK
r-devel-linux-x86_64-debian-gcc 0.2.0 6.90 50.29 57.19 OK
r-devel-linux-x86_64-fedora-clang 0.2.0 85.08 OK
r-devel-linux-x86_64-fedora-gcc 0.2.0 81.61 OK
r-devel-windows-ix86+x86_64 0.2.0 31.00 111.00 142.00 OK
r-patched-linux-x86_64 0.2.0 7.94 62.43 70.37 OK
r-patched-solaris-x86 0.2.0 130.50 OK
r-release-linux-x86_64 0.2.0 7.52 63.08 70.60 OK
r-release-windows-ix86+x86_64 0.2.0 35.00 109.00 144.00 OK
r-release-osx-x86_64 0.2.0 WARN
r-oldrel-windows-ix86+x86_64 0.2.0 10.00 107.00 117.00 OK
r-oldrel-osx-x86_64 0.2.0 WARN

Check Details

Version: 0.2.0
Check: whether package can be installed
Result: WARN
    Found the following significant warnings:
     Warning: 'rgl_init' failed, running with rgl.useNULL = TRUE
Flavors: r-release-osx-x86_64, r-oldrel-osx-x86_64

Version: 0.2.0
Check: contents of ‘data’ directory
Result: WARN
    Output for data("sinkhole", package = "geoelectrics"):
     Warning messages:
     1: In rgl.init(initValue, onlyNULL) : RGL: unable to open X11 display
     2: 'rgl_init' failed, running with rgl.useNULL = TRUE
Flavor: r-release-osx-x86_64