CRAN Package Check Results for Package geoelectrics

Last updated on 2019-09-23 13:46:19 CEST.

Flavor Version Tinstall Tcheck Ttotal Status Flags
r-devel-linux-x86_64-debian-clang 0.2.0 8.07 62.02 70.09 OK
r-devel-linux-x86_64-debian-gcc 0.2.0 6.12 49.40 55.52 OK
r-devel-linux-x86_64-fedora-clang 0.2.0 83.36 OK
r-devel-linux-x86_64-fedora-gcc 0.2.0 82.46 OK
r-devel-windows-ix86+x86_64 0.2.0 36.00 119.00 155.00 OK
r-patched-linux-x86_64 0.2.0 8.62 61.18 69.80 OK
r-patched-solaris-x86 0.2.0 125.50 OK
r-release-linux-x86_64 0.2.0 8.15 62.04 70.19 OK
r-release-windows-ix86+x86_64 0.2.0 38.00 115.00 153.00 OK
r-release-osx-x86_64 0.2.0 WARN
r-oldrel-windows-ix86+x86_64 0.2.0 11.00 66.00 77.00 OK
r-oldrel-osx-x86_64 0.2.0 WARN

Check Details

Version: 0.2.0
Check: whether package can be installed
Result: WARN
    Found the following significant warnings:
     Warning: 'rgl_init' failed, running with rgl.useNULL = TRUE
Flavors: r-release-osx-x86_64, r-oldrel-osx-x86_64

Version: 0.2.0
Check: contents of ‘data’ directory
Result: WARN
    Output for data("sinkhole", package = "geoelectrics"):
     Warning messages:
     1: In rgl.init(initValue, onlyNULL) : RGL: unable to open X11 display
     2: 'rgl_init' failed, running with rgl.useNULL = TRUE
Flavor: r-release-osx-x86_64