Last updated on 2023-02-08 06:56:26 CET.
Flavor | Version | Tinstall | Tcheck | Ttotal | Status | Flags |
---|---|---|---|---|---|---|
r-devel-linux-x86_64-debian-clang | 0.2.0 | 10.78 | 354.53 | 365.31 | OK | |
r-devel-linux-x86_64-debian-gcc | 0.2.0 | 7.70 | 244.33 | 252.03 | OK | |
r-devel-linux-x86_64-fedora-clang | 0.2.0 | 411.81 | NOTE | |||
r-devel-linux-x86_64-fedora-gcc | 0.2.0 | 416.50 | NOTE | |||
r-devel-windows-x86_64 | 0.2.0 | 87.00 | 362.00 | 449.00 | OK | |
r-patched-linux-x86_64 | 0.2.0 | 11.79 | 313.85 | 325.64 | OK | |
r-release-linux-x86_64 | 0.2.0 | 10.43 | 313.39 | 323.82 | OK | |
r-release-macos-arm64 | 0.2.0 | 99.00 | NOTE | |||
r-release-macos-x86_64 | 0.2.0 | 194.00 | NOTE | |||
r-release-windows-x86_64 | 0.2.0 | 75.00 | 384.00 | 459.00 | OK | |
r-oldrel-macos-arm64 | 0.2.0 | 153.00 | NOTE | |||
r-oldrel-macos-x86_64 | 0.2.0 | 187.00 | NOTE | |||
r-oldrel-windows-ix86+x86_64 | 0.2.0 | 26.00 | 364.00 | 390.00 | OK |
Version: 0.2.0
Check: dependencies in R code
Result: NOTE
Namespace in Imports field not imported from: ‘sf’
All declared Imports should be used.
Flavors: r-devel-linux-x86_64-fedora-clang, r-devel-linux-x86_64-fedora-gcc, r-release-macos-arm64, r-release-macos-x86_64, r-oldrel-macos-arm64, r-oldrel-macos-x86_64
Version: 0.2.0
Check: data for non-ASCII characters
Result: NOTE
Note: found 646 marked UTF-8 strings
Flavors: r-devel-linux-x86_64-fedora-clang, r-devel-linux-x86_64-fedora-gcc, r-release-macos-arm64, r-release-macos-x86_64, r-oldrel-macos-arm64, r-oldrel-macos-x86_64