CRAN Package Check Results for Package geofd

Last updated on 2019-05-22 02:51:52 CEST.

Flavor Version Tinstall Tcheck Ttotal Status Flags
r-devel-linux-x86_64-debian-clang 1.0 8.09 68.82 76.91 OK
r-devel-linux-x86_64-debian-gcc 1.0 7.03 55.98 63.01 OK
r-devel-linux-x86_64-fedora-clang 1.0 94.04 OK
r-devel-linux-x86_64-fedora-gcc 1.0 92.83 OK
r-devel-windows-ix86+x86_64 1.0 17.00 102.00 119.00 OK
r-patched-linux-x86_64 1.0 9.11 69.36 78.47 OK
r-patched-solaris-x86 1.0 152.50 OK
r-release-linux-x86_64 1.0 8.71 69.77 78.48 OK
r-release-windows-ix86+x86_64 1.0 22.00 79.00 101.00 OK
r-release-osx-x86_64 1.0 FAIL
r-oldrel-windows-ix86+x86_64 1.0 9.00 75.00 84.00 OK
r-oldrel-osx-x86_64 1.0 OK

Check Details

Version: 1.0
Check: whether package can be installed
Result: FAIL
    
Flavor: r-release-osx-x86_64