CRAN Package Check Results for Package geogrid

Last updated on 2020-08-11 11:49:13 CEST.

Flavor Version Tinstall Tcheck Ttotal Status Flags
r-devel-linux-x86_64-debian-clang 0.1.1 32.61 79.23 111.84 OK
r-devel-linux-x86_64-debian-gcc 0.1.1 23.46 60.61 84.07 OK
r-devel-linux-x86_64-fedora-clang 0.1.1 149.24 OK
r-devel-linux-x86_64-fedora-gcc 0.1.1 136.63 OK
r-devel-windows-ix86+x86_64 0.1.1 73.00 181.00 254.00 NOTE
r-patched-linux-x86_64 0.1.1 23.62 77.60 101.22 OK
r-patched-solaris-x86 0.1.1 174.70 OK
r-release-linux-x86_64 0.1.1 23.95 78.09 102.04 OK
r-release-macos-x86_64 0.1.1 OK
r-release-windows-ix86+x86_64 0.1.1 100.00 182.00 282.00 NOTE
r-oldrel-macos-x86_64 0.1.1 OK
r-oldrel-windows-ix86+x86_64 0.1.1 60.00 136.00 196.00 OK

Check Details

Version: 0.1.1
Check: installed package size
Result: NOTE
     installed size is 5.2Mb
     sub-directories of 1Mb or more:
     extdata 3.1Mb
     libs 2.0Mb
Flavors: r-devel-windows-ix86+x86_64, r-release-windows-ix86+x86_64