Last updated on 2021-01-16 12:49:36 CET.
Flavor | Version | Tinstall | Tcheck | Ttotal | Status | Flags |
---|---|---|---|---|---|---|
r-devel-linux-x86_64-debian-clang | 0.1.1 | 32.58 | 82.64 | 115.22 | OK | |
r-devel-linux-x86_64-debian-gcc | 0.1.1 | 21.62 | 63.81 | 85.43 | OK | |
r-devel-linux-x86_64-fedora-clang | 0.1.1 | 156.15 | OK | |||
r-devel-linux-x86_64-fedora-gcc | 0.1.1 | 145.66 | OK | |||
r-devel-windows-ix86+x86_64 | 0.1.1 | 62.00 | 138.00 | 200.00 | NOTE | |
r-patched-linux-x86_64 | 0.1.1 | 25.49 | 78.99 | 104.48 | OK | |
r-patched-solaris-x86 | 0.1.1 | 181.00 | OK | |||
r-release-linux-x86_64 | 0.1.1 | 24.90 | 79.28 | 104.18 | OK | |
r-release-macos-x86_64 | 0.1.1 | OK | ||||
r-release-windows-ix86+x86_64 | 0.1.1 | 67.00 | 142.00 | 209.00 | NOTE | |
r-oldrel-macos-x86_64 | 0.1.1 | OK | ||||
r-oldrel-windows-ix86+x86_64 | 0.1.1 | 69.00 | 152.00 | 221.00 | OK |
Version: 0.1.1
Check: installed package size
Result: NOTE
installed size is 5.2Mb
sub-directories of 1Mb or more:
extdata 3.1Mb
libs 2.0Mb
Flavors: r-devel-windows-ix86+x86_64, r-release-windows-ix86+x86_64