CRAN Package Check Results for Package geojsonsf

Last updated on 2022-10-05 17:51:06 CEST.

Flavor Version Tinstall Tcheck Ttotal Status Flags
r-devel-linux-x86_64-debian-clang 2.0.3 90.17 36.33 126.50 OK
r-devel-linux-x86_64-debian-gcc 2.0.3 75.35 28.19 103.54 OK
r-devel-linux-x86_64-fedora-clang 2.0.3 201.88 OK
r-devel-linux-x86_64-fedora-gcc 2.0.3 192.43 OK
r-devel-windows-x86_64 2.0.3 99.00 91.00 190.00 OK
r-patched-linux-x86_64 2.0.3 74.38 35.45 109.83 OK
r-release-linux-x86_64 2.0.3 75.02 34.74 109.76 OK
r-release-macos-arm64 2.0.3 48.00 NOTE
r-release-macos-x86_64 2.0.3 63.00 NOTE
r-release-windows-x86_64 2.0.3 110.00 89.00 199.00 OK
r-oldrel-macos-arm64 2.0.3 45.00 NOTE
r-oldrel-macos-x86_64 2.0.3 60.00 NOTE
r-oldrel-windows-ix86+x86_64 2.0.3 208.00 89.00 297.00 OK

Check Details

Version: 2.0.3
Check: installed package size
Result: NOTE
     installed size is 6.6Mb
     sub-directories of 1Mb or more:
     help 1.3Mb
     libs 4.5Mb
Flavors: r-release-macos-arm64, r-release-macos-x86_64, r-oldrel-macos-arm64, r-oldrel-macos-x86_64