Last updated on 2023-03-23 22:52:33 CET.
Flavor | Version | Tinstall | Tcheck | Ttotal | Status | Flags |
---|---|---|---|---|---|---|
r-devel-linux-x86_64-debian-clang | 0.1.1 | 2.59 | 26.74 | 29.33 | NOTE | |
r-devel-linux-x86_64-debian-gcc | 0.1.1 | 1.87 | 21.09 | 22.96 | NOTE | |
r-devel-linux-x86_64-fedora-clang | 0.1.1 | 40.04 | NOTE | |||
r-devel-linux-x86_64-fedora-gcc | 0.1.1 | 47.55 | NOTE | |||
r-patched-linux-x86_64 | 0.1.1 | 2.17 | 26.72 | 28.89 | NOTE | |
r-release-linux-x86_64 | 0.1.1 | 2.52 | 27.45 | 29.97 | NOTE | |
r-release-macos-arm64 | 0.1.1 | 18.00 | NOTE | |||
r-release-macos-x86_64 | 0.1.1 | 25.00 | NOTE | |||
r-release-windows-x86_64 | 0.1.1 | 4.00 | 62.00 | 66.00 | NOTE | |
r-oldrel-macos-arm64 | 0.1.1 | 16.00 | NOTE | |||
r-oldrel-macos-x86_64 | 0.1.1 | 23.00 | NOTE | |||
r-oldrel-windows-ix86+x86_64 | 0.1.1 | 6.00 | 58.00 | 64.00 | NOTE |
Version: 0.1.1
Check: package dependencies
Result: NOTE
Package suggested but not available for checking: ‘geomarocdata’
Flavors: r-devel-linux-x86_64-debian-clang, r-devel-linux-x86_64-debian-gcc, r-devel-linux-x86_64-fedora-clang, r-devel-linux-x86_64-fedora-gcc, r-patched-linux-x86_64, r-release-linux-x86_64, r-release-macos-arm64, r-release-macos-x86_64, r-release-windows-x86_64, r-oldrel-macos-arm64, r-oldrel-macos-x86_64, r-oldrel-windows-ix86+x86_64