Last updated on 2022-07-03 13:52:06 CEST.
Flavor | Version | Tinstall | Tcheck | Ttotal | Status | Flags |
---|---|---|---|---|---|---|
r-devel-linux-x86_64-debian-clang | 0.1.1 | 2.25 | 27.38 | 29.63 | NOTE | |
r-devel-linux-x86_64-debian-gcc | 0.1.1 | 1.91 | 21.35 | 23.26 | NOTE | |
r-devel-linux-x86_64-fedora-clang | 0.1.1 | 48.28 | NOTE | |||
r-devel-linux-x86_64-fedora-gcc | 0.1.1 | 47.01 | NOTE | |||
r-devel-windows-x86_64 | 0.1.1 | 10.00 | 56.00 | 66.00 | NOTE | |
r-patched-linux-x86_64 | 0.1.1 | 2.39 | 26.87 | 29.26 | NOTE | |
r-release-linux-x86_64 | 0.1.1 | 2.28 | 26.57 | 28.85 | NOTE | |
r-release-macos-arm64 | 0.1.1 | 18.00 | NOTE | |||
r-release-macos-x86_64 | 0.1.1 | 25.00 | NOTE | |||
r-release-windows-x86_64 | 0.1.1 | 14.00 | 59.00 | 73.00 | NOTE | |
r-oldrel-macos-arm64 | 0.1.1 | 16.00 | NOTE | |||
r-oldrel-macos-x86_64 | 0.1.1 | 23.00 | NOTE | |||
r-oldrel-windows-ix86+x86_64 | 0.1.1 | 6.00 | 49.00 | 55.00 | NOTE |
Version: 0.1.1
Check: package dependencies
Result: NOTE
Package suggested but not available for checking: 'geomarocdata'
Flavors: r-devel-linux-x86_64-debian-clang, r-devel-linux-x86_64-debian-gcc, r-devel-linux-x86_64-fedora-clang, r-devel-linux-x86_64-fedora-gcc, r-devel-windows-x86_64, r-patched-linux-x86_64, r-release-linux-x86_64, r-release-macos-arm64, r-release-macos-x86_64, r-release-windows-x86_64, r-oldrel-macos-arm64, r-oldrel-macos-x86_64, r-oldrel-windows-ix86+x86_64