CRAN Package Check Results for Package geomedb

Last updated on 2021-10-19 07:49:36 CEST.

Flavor Version Tinstall Tcheck Ttotal Status Flags
r-devel-linux-x86_64-debian-clang 2.0.1 2.10 21.95 24.05 NOTE
r-devel-linux-x86_64-debian-gcc 2.0.1 1.86 16.67 18.53 NOTE
r-devel-linux-x86_64-fedora-clang 2.0.1 39.88 NOTE
r-devel-linux-x86_64-fedora-gcc 2.0.1 28.93 NOTE
r-devel-windows-x86_64 2.0.1 5.00 39.00 44.00 NOTE
r-devel-windows-x86_64-gcc10-UCRT 2.0.1 NOTE
r-patched-linux-x86_64 2.0.1 2.43 20.70 23.13 NOTE
r-patched-solaris-x86 2.0.1 44.30 NOTE
r-release-linux-x86_64 2.0.1 2.31 21.24 23.55 NOTE
r-release-macos-arm64 2.0.1 NOTE
r-release-macos-x86_64 2.0.1 NOTE
r-release-windows-ix86+x86_64 2.0.1 4.00 39.00 43.00 NOTE
r-oldrel-macos-x86_64 2.0.1 OK
r-oldrel-windows-ix86+x86_64 2.0.1 6.00 41.00 47.00 OK

Check Details

Version: 2.0.1
Check: LazyData
Result: NOTE
     'LazyData' is specified without a 'data' directory
Flavors: r-devel-linux-x86_64-debian-clang, r-devel-linux-x86_64-debian-gcc, r-devel-linux-x86_64-fedora-clang, r-devel-linux-x86_64-fedora-gcc, r-devel-windows-x86_64, r-devel-windows-x86_64-gcc10-UCRT, r-patched-linux-x86_64, r-patched-solaris-x86, r-release-linux-x86_64, r-release-macos-arm64, r-release-macos-x86_64, r-release-windows-ix86+x86_64