CRAN Package Check Results for Package geometa

Last updated on 2019-11-13 04:46:27 CET.

Flavor Version Tinstall Tcheck Ttotal Status Flags
r-devel-linux-x86_64-debian-clang 0.6-1 205.06 216.46 421.52 OK
r-devel-linux-x86_64-debian-gcc 0.6-1 165.84 164.67 330.51 OK
r-devel-linux-x86_64-fedora-clang 0.6-1 522.71 NOTE
r-devel-linux-x86_64-fedora-gcc 0.6-1 541.59 OK
r-devel-windows-ix86+x86_64 0.6-1 387.00 570.00 957.00 NOTE
r-patched-linux-x86_64 0.6-1 184.29 208.42 392.71 OK
r-patched-solaris-x86 0.6-1 553.50 NOTE
r-release-linux-x86_64 0.6-1 195.85 210.17 406.02 OK
r-release-windows-ix86+x86_64 0.6-1 379.00 651.00 1030.00 NOTE
r-release-osx-x86_64 0.6-1 NOTE
r-oldrel-windows-ix86+x86_64 0.6-1 263.00 605.00 868.00 NOTE
r-oldrel-osx-x86_64 0.6-1 NOTE

Check Details

Version: 0.6-1
Check: installed package size
Result: NOTE
     installed size is 11.3Mb
     sub-directories of 1Mb or more:
     R 8.8Mb
     extdata 1.6Mb
Flavors: r-devel-linux-x86_64-fedora-clang, r-devel-windows-ix86+x86_64, r-patched-solaris-x86, r-release-windows-ix86+x86_64, r-release-osx-x86_64, r-oldrel-windows-ix86+x86_64, r-oldrel-osx-x86_64