CRAN Package Check Results for Package geometa

Last updated on 2021-09-20 03:48:50 CEST.

Flavor Version Tinstall Tcheck Ttotal Status Flags
r-devel-linux-x86_64-debian-clang 0.6-4 228.35 312.68 541.03 OK
r-devel-linux-x86_64-debian-gcc 0.6-4 179.91 229.64 409.55 OK
r-devel-linux-x86_64-fedora-clang 0.6-4 690.01 NOTE
r-devel-linux-x86_64-fedora-gcc 0.6-4 728.82 OK
r-devel-windows-x86_64 0.6-4 285.00 626.00 911.00 NOTE
r-devel-windows-x86_64-gcc10-UCRT 0.6-4 ERROR
r-patched-linux-x86_64 0.6-3 223.64 236.16 459.80 OK
r-patched-solaris-x86 0.6-4 791.80 NOTE
r-release-linux-x86_64 0.6-4 204.46 297.09 501.55 OK
r-release-macos-arm64 0.6-4 NOTE
r-release-macos-x86_64 0.6-4 NOTE
r-release-windows-ix86+x86_64 0.6-4 379.00 677.00 1056.00 NOTE
r-oldrel-macos-x86_64 0.6-4 NOTE
r-oldrel-windows-ix86+x86_64 0.6-3 402.00 595.00 997.00 NOTE

Check Details

Version: 0.6-4
Check: installed package size
Result: NOTE
     installed size is 11.7Mb
     sub-directories of 1Mb or more:
     R 9.0Mb
     extdata 1.8Mb
Flavors: r-devel-linux-x86_64-fedora-clang, r-devel-windows-x86_64, r-patched-solaris-x86, r-release-macos-arm64, r-release-macos-x86_64, r-release-windows-ix86+x86_64, r-oldrel-macos-x86_64

Version: 0.6-4
Check: package dependencies
Result: ERROR
    Package required but not available: 'XML'
    
    See section 'The DESCRIPTION file' in the 'Writing R Extensions'
    manual.
Flavor: r-devel-windows-x86_64-gcc10-UCRT

Version: 0.6-4
Check: package dependencies
Result: NOTE
    Package suggested but not available for checking: ‘udunits2’
Flavors: r-release-macos-arm64, r-release-macos-x86_64

Version: 0.6-3
Check: installed package size
Result: NOTE
     installed size is 11.6Mb
     sub-directories of 1Mb or more:
     R 9.0Mb
     extdata 1.6Mb
Flavor: r-oldrel-windows-ix86+x86_64