Last updated on 2022-06-30 12:55:11 CEST.
Flavor | Version | Tinstall | Tcheck | Ttotal | Status | Flags |
---|---|---|---|---|---|---|
r-devel-linux-x86_64-debian-clang | 0.6-6 | 249.99 | 323.62 | 573.61 | OK | |
r-devel-linux-x86_64-debian-gcc | 0.6-6 | 201.83 | 241.93 | 443.76 | OK | |
r-devel-linux-x86_64-fedora-clang | 0.6-6 | 703.43 | NOTE | |||
r-devel-linux-x86_64-fedora-gcc | 0.6-6 | 728.33 | OK | |||
r-devel-windows-x86_64 | 0.6-6 | 417.00 | 436.00 | 853.00 | NOTE | |
r-patched-linux-x86_64 | 0.6-6 | 230.98 | 311.33 | 542.31 | OK | |
r-release-linux-x86_64 | 0.6-6 | 241.56 | 312.22 | 553.78 | OK | |
r-release-macos-arm64 | 0.6-6 | 209.00 | NOTE | |||
r-release-macos-x86_64 | 0.6-6 | 283.00 | NOTE | |||
r-release-windows-x86_64 | 0.6-6 | 451.00 | 431.00 | 882.00 | NOTE | |
r-oldrel-macos-arm64 | 0.6-6 | 201.00 | NOTE | |||
r-oldrel-macos-x86_64 | 0.6-6 | 272.00 | NOTE | |||
r-oldrel-windows-ix86+x86_64 | 0.6-6 | 383.00 | 434.00 | 817.00 | NOTE |
Version: 0.6-6
Check: installed package size
Result: NOTE
installed size is 11.7Mb
sub-directories of 1Mb or more:
R 9.0Mb
extdata 1.7Mb
Flavors: r-devel-linux-x86_64-fedora-clang, r-devel-windows-x86_64, r-release-macos-arm64, r-release-macos-x86_64, r-release-windows-x86_64, r-oldrel-macos-arm64, r-oldrel-macos-x86_64, r-oldrel-windows-ix86+x86_64