CRAN Package Check Results for Package geometa

Last updated on 2020-05-28 17:50:07 CEST.

Flavor Version Tinstall Tcheck Ttotal Status Flags
r-devel-linux-x86_64-debian-clang 0.6-2 215.96 237.80 453.76 OK
r-devel-linux-x86_64-debian-gcc 0.6-2 182.09 181.20 363.29 OK
r-devel-linux-x86_64-fedora-clang 0.6-2 613.79 NOTE
r-devel-linux-x86_64-fedora-gcc 0.6-2 614.94 OK
r-devel-windows-ix86+x86_64 0.6-2 437.00 672.00 1109.00 NOTE
r-patched-linux-x86_64 0.6-2 219.91 232.21 452.12 OK
r-patched-solaris-x86 0.6-2 654.80 NOTE
r-release-linux-x86_64 0.6-2 216.34 233.88 450.22 OK
r-release-osx-x86_64 0.6-2 NOTE
r-release-windows-ix86+x86_64 0.6-2 327.00 674.00 1001.00 NOTE
r-oldrel-osx-x86_64 0.6-2 NOTE
r-oldrel-windows-ix86+x86_64 0.6-2 313.00 614.00 927.00 NOTE

Check Details

Version: 0.6-2
Check: installed package size
Result: NOTE
     installed size is 11.7Mb
     sub-directories of 1Mb or more:
     R 8.9Mb
     extdata 1.7Mb
Flavors: r-devel-linux-x86_64-fedora-clang, r-devel-windows-ix86+x86_64, r-patched-solaris-x86, r-release-osx-x86_64, r-release-windows-ix86+x86_64, r-oldrel-osx-x86_64, r-oldrel-windows-ix86+x86_64