CRAN Package Check Results for Package geometr

Last updated on 2020-06-04 20:48:04 CEST.

Flavor Version Tinstall Tcheck Ttotal Status Flags
r-devel-linux-x86_64-debian-clang 0.2.4 54.72 234.58 289.30 ERROR
r-devel-linux-x86_64-debian-gcc 0.2.4 43.07 176.77 219.84 ERROR
r-devel-linux-x86_64-fedora-clang 0.2.4 364.62 ERROR
r-devel-linux-x86_64-fedora-gcc 0.2.4 347.06 ERROR
r-devel-windows-ix86+x86_64 0.2.4 149.00 447.00 596.00 ERROR
r-patched-linux-x86_64 0.2.4 44.29 231.14 275.43 ERROR
r-patched-solaris-x86 0.2.4 432.30 NOTE
r-release-linux-x86_64 0.2.4 45.05 231.21 276.26 ERROR
r-release-osx-x86_64 0.2.4 NOTE
r-release-windows-ix86+x86_64 0.2.4 121.00 310.00 431.00 ERROR
r-oldrel-osx-x86_64 0.2.4 NOTE
r-oldrel-windows-ix86+x86_64 0.2.4 141.00 429.00 570.00 ERROR

Check Details

Version: 0.2.4
Check: tests
Result: ERROR
     Running 'testthat.R' [36s/38s]
    Running the tests in 'tests/testthat.R' failed.
    Complete output:
     > library(testthat)
     > library(checkmate)
     > library(raster)
     Loading required package: sp
     > library(sp)
     > library(sf)
     Linking to GEOS 3.8.1, GDAL 3.0.4, PROJ 7.0.1
     >
     > test_check("geometr")
     Loading required package: geometr
     Reading layer `nc' from data source `/home/hornik/tmp/R.check/r-devel-clang/Work/build/Packages/sf/shape/nc.shp' using driver `ESRI Shapefile'
     Simple feature collection with 100 features and 14 fields
     geometry type: MULTIPOLYGON
     dimension: XY
     bbox: xmin: -84.32385 ymin: 33.88199 xmax: -75.45698 ymax: 36.58965
     geographic CRS: NAD27
     -- 1. Failure: output the history of a plotted object (@test_visualise.R#104) -
     Check on output isn't true.
     Must inherit from class 'simpleMessage', but has classes 'dplyr_regroup','condition'
    
     == testthat results ===========================================================
     [ OK: 731 | SKIPPED: 0 | WARNINGS: 14 | FAILED: 1 ]
     1. Failure: output the history of a plotted object (@test_visualise.R#104)
    
     Error: testthat unit tests failed
     Execution halted
Flavor: r-devel-linux-x86_64-debian-clang

Version: 0.2.4
Check: tests
Result: ERROR
     Running ‘testthat.R’ [26s/40s]
    Running the tests in ‘tests/testthat.R’ failed.
    Complete output:
     > library(testthat)
     > library(checkmate)
     > library(raster)
     Loading required package: sp
     > library(sp)
     > library(sf)
     Linking to GEOS 3.8.1, GDAL 3.0.4, PROJ 7.0.1
     >
     > test_check("geometr")
     Loading required package: geometr
     Reading layer `nc' from data source `/home/hornik/tmp/R.check/r-devel-gcc/Work/build/Packages/sf/shape/nc.shp' using driver `ESRI Shapefile'
     Simple feature collection with 100 features and 14 fields
     geometry type: MULTIPOLYGON
     dimension: XY
     bbox: xmin: -84.32385 ymin: 33.88199 xmax: -75.45698 ymax: 36.58965
     geographic CRS: NAD27
     ── 1. Failure: output the history of a plotted object (@test_visualise.R#104) ─
     Check on output isn't true.
     Must inherit from class 'simpleMessage', but has classes 'dplyr_regroup','condition'
    
     ══ testthat results ═══════════════════════════════════════════════════════════
     [ OK: 731 | SKIPPED: 0 | WARNINGS: 14 | FAILED: 1 ]
     1. Failure: output the history of a plotted object (@test_visualise.R#104)
    
     Error: testthat unit tests failed
     Execution halted
Flavor: r-devel-linux-x86_64-debian-gcc

Version: 0.2.4
Check: dependencies in R code
Result: NOTE
    Namespace in Imports field not imported from: ‘readr’
     All declared Imports should be used.
Flavors: r-devel-linux-x86_64-fedora-clang, r-devel-linux-x86_64-fedora-gcc, r-patched-solaris-x86, r-release-osx-x86_64, r-oldrel-osx-x86_64

Version: 0.2.4
Check: tests
Result: ERROR
     Running ‘testthat.R’ [38s/47s]
    Running the tests in ‘tests/testthat.R’ failed.
    Complete output:
     > library(testthat)
     > library(checkmate)
     > library(raster)
     Loading required package: sp
     > library(sp)
     > library(sf)
     Linking to GEOS 3.7.1, GDAL 2.3.2, PROJ 5.2.0
     >
     > test_check("geometr")
     Loading required package: geometr
     Reading layer `nc' from data source `/data/gannet/ripley/R/test-clang/sf/shape/nc.shp' using driver `ESRI Shapefile'
     Simple feature collection with 100 features and 14 fields
     geometry type: MULTIPOLYGON
     dimension: XY
     bbox: xmin: -84.32385 ymin: 33.88199 xmax: -75.45698 ymax: 36.58965
     CRS: 4267
     ── 1. Failure: output the history of a plotted object (@test_visualise.R#104) ─
     Check on output isn't true.
     Must inherit from class 'simpleMessage', but has classes 'dplyr_regroup','condition'
    
     ══ testthat results ═══════════════════════════════════════════════════════════
     [ OK: 731 | SKIPPED: 0 | WARNINGS: 0 | FAILED: 1 ]
     1. Failure: output the history of a plotted object (@test_visualise.R#104)
    
     Error: testthat unit tests failed
     Execution halted
Flavor: r-devel-linux-x86_64-fedora-clang

Version: 0.2.4
Check: tests
Result: ERROR
     Running ‘testthat.R’ [40s/45s]
    Running the tests in ‘tests/testthat.R’ failed.
    Complete output:
     > library(testthat)
     > library(checkmate)
     > library(raster)
     Loading required package: sp
     > library(sp)
     > library(sf)
     Linking to GEOS 3.7.1, GDAL 2.3.2, PROJ 5.2.0
     >
     > test_check("geometr")
     Loading required package: geometr
     Reading layer `nc' from data source `/data/gannet/ripley/R/test-4.1/sf/shape/nc.shp' using driver `ESRI Shapefile'
     Simple feature collection with 100 features and 14 fields
     geometry type: MULTIPOLYGON
     dimension: XY
     bbox: xmin: -84.32385 ymin: 33.88199 xmax: -75.45698 ymax: 36.58965
     CRS: 4267
     ── 1. Failure: output the history of a plotted object (@test_visualise.R#104) ─
     Check on output isn't true.
     Must inherit from class 'simpleMessage', but has classes 'dplyr_regroup','condition'
    
     ══ testthat results ═══════════════════════════════════════════════════════════
     [ OK: 731 | SKIPPED: 0 | WARNINGS: 0 | FAILED: 1 ]
     1. Failure: output the history of a plotted object (@test_visualise.R#104)
    
     Error: testthat unit tests failed
     Execution halted
Flavor: r-devel-linux-x86_64-fedora-gcc

Version: 0.2.4
Check: installed package size
Result: NOTE
     installed size is 5.0Mb
     sub-directories of 1Mb or more:
     doc 1.9Mb
     libs 2.1Mb
Flavors: r-devel-windows-ix86+x86_64, r-release-windows-ix86+x86_64

Version: 0.2.4
Check: running tests for arch ‘i386’
Result: ERROR
     Running 'testthat.R' [37s]
    Running the tests in 'tests/testthat.R' failed.
    Complete output:
     > library(testthat)
     > library(checkmate)
     > library(raster)
     Loading required package: sp
     > library(sp)
     > library(sf)
     Linking to GEOS 3.8.0, GDAL 3.0.4, PROJ 6.3.1
     >
     > test_check("geometr")
     Loading required package: geometr
     Reading layer `nc' from data source `D:\temp\RtmpqiE1W4\RLIBS_975061dbcd4\sf\shape\nc.shp' using driver `ESRI Shapefile'
     Simple feature collection with 100 features and 14 fields
     geometry type: MULTIPOLYGON
     dimension: XY
     bbox: xmin: -84.32385 ymin: 33.88199 xmax: -75.45698 ymax: 36.58965
     geographic CRS: NAD27
     -- 1. Failure: output the history of a plotted object (@test_visualise.R#104) -
     Check on output isn't true.
     Must inherit from class 'simpleMessage', but has classes 'dplyr_regroup','condition'
    
     == testthat results ===========================================================
     [ OK: 731 | SKIPPED: 0 | WARNINGS: 14 | FAILED: 1 ]
     1. Failure: output the history of a plotted object (@test_visualise.R#104)
    
     Error: testthat unit tests failed
     Execution halted
Flavor: r-devel-windows-ix86+x86_64

Version: 0.2.4
Check: running tests for arch ‘x64’
Result: ERROR
     Running 'testthat.R' [43s]
    Running the tests in 'tests/testthat.R' failed.
    Complete output:
     > library(testthat)
     > library(checkmate)
     > library(raster)
     Loading required package: sp
     > library(sp)
     > library(sf)
     Linking to GEOS 3.8.0, GDAL 3.0.4, PROJ 6.3.1
     >
     > test_check("geometr")
     Loading required package: geometr
     Reading layer `nc' from data source `D:\temp\RtmpqiE1W4\RLIBS_975061dbcd4\sf\shape\nc.shp' using driver `ESRI Shapefile'
     Simple feature collection with 100 features and 14 fields
     geometry type: MULTIPOLYGON
     dimension: XY
     bbox: xmin: -84.32385 ymin: 33.88199 xmax: -75.45698 ymax: 36.58965
     geographic CRS: NAD27
     -- 1. Failure: output the history of a plotted object (@test_visualise.R#104) -
     Check on output isn't true.
     Must inherit from class 'simpleMessage', but has classes 'dplyr_regroup','condition'
    
     == testthat results ===========================================================
     [ OK: 731 | SKIPPED: 0 | WARNINGS: 14 | FAILED: 1 ]
     1. Failure: output the history of a plotted object (@test_visualise.R#104)
    
     Error: testthat unit tests failed
     Execution halted
Flavor: r-devel-windows-ix86+x86_64

Version: 0.2.4
Check: tests
Result: ERROR
     Running ‘testthat.R’ [36s/37s]
    Running the tests in ‘tests/testthat.R’ failed.
    Complete output:
     > library(testthat)
     > library(checkmate)
     > library(raster)
     Loading required package: sp
     > library(sp)
     > library(sf)
     Linking to GEOS 3.8.1, GDAL 3.0.4, PROJ 7.0.1
     >
     > test_check("geometr")
     Loading required package: geometr
     Reading layer `nc' from data source `/home/hornik/tmp/R.check/r-patched-gcc/Work/build/Packages/sf/shape/nc.shp' using driver `ESRI Shapefile'
     Simple feature collection with 100 features and 14 fields
     geometry type: MULTIPOLYGON
     dimension: XY
     bbox: xmin: -84.32385 ymin: 33.88199 xmax: -75.45698 ymax: 36.58965
     geographic CRS: NAD27
     ── 1. Failure: output the history of a plotted object (@test_visualise.R#104) ─
     Check on output isn't true.
     Must inherit from class 'simpleMessage', but has classes 'dplyr_regroup','condition'
    
     ══ testthat results ═══════════════════════════════════════════════════════════
     [ OK: 731 | SKIPPED: 0 | WARNINGS: 14 | FAILED: 1 ]
     1. Failure: output the history of a plotted object (@test_visualise.R#104)
    
     Error: testthat unit tests failed
     Execution halted
Flavor: r-patched-linux-x86_64

Version: 0.2.4
Check: tests
Result: ERROR
     Running ‘testthat.R’ [34s/36s]
    Running the tests in ‘tests/testthat.R’ failed.
    Complete output:
     > library(testthat)
     > library(checkmate)
     > library(raster)
     Loading required package: sp
     > library(sp)
     > library(sf)
     Linking to GEOS 3.8.1, GDAL 3.0.4, PROJ 7.0.1
     >
     > test_check("geometr")
     Loading required package: geometr
     Reading layer `nc' from data source `/home/hornik/tmp/R.check/r-release-gcc/Work/build/Packages/sf/shape/nc.shp' using driver `ESRI Shapefile'
     Simple feature collection with 100 features and 14 fields
     geometry type: MULTIPOLYGON
     dimension: XY
     bbox: xmin: -84.32385 ymin: 33.88199 xmax: -75.45698 ymax: 36.58965
     geographic CRS: NAD27
     ── 1. Failure: output the history of a plotted object (@test_visualise.R#104) ─
     Check on output isn't true.
     Must inherit from class 'simpleMessage', but has classes 'dplyr_regroup','condition'
    
     ══ testthat results ═══════════════════════════════════════════════════════════
     [ OK: 731 | SKIPPED: 0 | WARNINGS: 14 | FAILED: 1 ]
     1. Failure: output the history of a plotted object (@test_visualise.R#104)
    
     Error: testthat unit tests failed
     Execution halted
Flavor: r-release-linux-x86_64

Version: 0.2.4
Check: running tests for arch ‘i386’
Result: ERROR
     Running 'testthat.R' [26s]
    Running the tests in 'tests/testthat.R' failed.
    Complete output:
     > library(testthat)
     > library(checkmate)
     > library(raster)
     Loading required package: sp
     > library(sp)
     > library(sf)
     Linking to GEOS 3.8.0, GDAL 3.0.4, PROJ 6.3.1
     >
     > test_check("geometr")
     Loading required package: geometr
     Reading layer `nc' from data source `D:\temp\RtmpgflGxv\RLIBS_2a2787b1b5c55\sf\shape\nc.shp' using driver `ESRI Shapefile'
     Simple feature collection with 100 features and 14 fields
     geometry type: MULTIPOLYGON
     dimension: XY
     bbox: xmin: -84.32385 ymin: 33.88199 xmax: -75.45698 ymax: 36.58965
     geographic CRS: NAD27
     -- 1. Failure: output the history of a plotted object (@test_visualise.R#104) -
     Check on output isn't true.
     Must inherit from class 'simpleMessage', but has classes 'dplyr_regroup','condition'
    
     == testthat results ===========================================================
     [ OK: 731 | SKIPPED: 0 | WARNINGS: 14 | FAILED: 1 ]
     1. Failure: output the history of a plotted object (@test_visualise.R#104)
    
     Error: testthat unit tests failed
     Execution halted
Flavor: r-release-windows-ix86+x86_64

Version: 0.2.4
Check: running tests for arch ‘x64’
Result: ERROR
     Running 'testthat.R' [28s]
    Running the tests in 'tests/testthat.R' failed.
    Complete output:
     > library(testthat)
     > library(checkmate)
     > library(raster)
     Loading required package: sp
     > library(sp)
     > library(sf)
     Linking to GEOS 3.8.0, GDAL 3.0.4, PROJ 6.3.1
     >
     > test_check("geometr")
     Loading required package: geometr
     Reading layer `nc' from data source `D:\temp\RtmpgflGxv\RLIBS_2a2787b1b5c55\sf\shape\nc.shp' using driver `ESRI Shapefile'
     Simple feature collection with 100 features and 14 fields
     geometry type: MULTIPOLYGON
     dimension: XY
     bbox: xmin: -84.32385 ymin: 33.88199 xmax: -75.45698 ymax: 36.58965
     geographic CRS: NAD27
     -- 1. Failure: output the history of a plotted object (@test_visualise.R#104) -
     Check on output isn't true.
     Must inherit from class 'simpleMessage', but has classes 'dplyr_regroup','condition'
    
     == testthat results ===========================================================
     [ OK: 731 | SKIPPED: 0 | WARNINGS: 14 | FAILED: 1 ]
     1. Failure: output the history of a plotted object (@test_visualise.R#104)
    
     Error: testthat unit tests failed
     Execution halted
Flavor: r-release-windows-ix86+x86_64

Version: 0.2.4
Check: running tests for arch ‘i386’
Result: ERROR
     Running 'testthat.R' [37s]
    Running the tests in 'tests/testthat.R' failed.
    Complete output:
     > library(testthat)
     > library(checkmate)
     > library(raster)
     Loading required package: sp
     > library(sp)
     > library(sf)
     Linking to GEOS 3.8.0, GDAL 3.0.4, PROJ 6.3.1
     >
     > test_check("geometr")
     Loading required package: geometr
     Reading layer `nc' from data source `D:\temp\RtmpmMUFv8\RLIBS_1f3105464227d\sf\shape\nc.shp' using driver `ESRI Shapefile'
     Simple feature collection with 100 features and 14 fields
     geometry type: MULTIPOLYGON
     dimension: XY
     bbox: xmin: -84.32385 ymin: 33.88199 xmax: -75.45698 ymax: 36.58965
     geographic CRS: NAD27
     -- 1. Failure: output the history of a plotted object (@test_visualise.R#104) -
     Check on output isn't true.
     Must inherit from class 'simpleMessage', but has classes 'dplyr_regroup','condition'
    
     == testthat results ===========================================================
     [ OK: 731 | SKIPPED: 0 | WARNINGS: 14 | FAILED: 1 ]
     1. Failure: output the history of a plotted object (@test_visualise.R#104)
    
     Error: testthat unit tests failed
     Execution halted
Flavor: r-oldrel-windows-ix86+x86_64

Version: 0.2.4
Check: running tests for arch ‘x64’
Result: ERROR
     Running 'testthat.R' [42s]
    Running the tests in 'tests/testthat.R' failed.
    Complete output:
     > library(testthat)
     > library(checkmate)
     > library(raster)
     Loading required package: sp
     > library(sp)
     > library(sf)
     Linking to GEOS 3.8.0, GDAL 3.0.4, PROJ 6.3.1
     >
     > test_check("geometr")
     Loading required package: geometr
     Reading layer `nc' from data source `D:\temp\RtmpmMUFv8\RLIBS_1f3105464227d\sf\shape\nc.shp' using driver `ESRI Shapefile'
     Simple feature collection with 100 features and 14 fields
     geometry type: MULTIPOLYGON
     dimension: XY
     bbox: xmin: -84.32385 ymin: 33.88199 xmax: -75.45698 ymax: 36.58965
     geographic CRS: NAD27
     -- 1. Failure: output the history of a plotted object (@test_visualise.R#104) -
     Check on output isn't true.
     Must inherit from class 'simpleMessage', but has classes 'dplyr_regroup','condition'
    
     == testthat results ===========================================================
     [ OK: 731 | SKIPPED: 0 | WARNINGS: 14 | FAILED: 1 ]
     1. Failure: output the history of a plotted object (@test_visualise.R#104)
    
     Error: testthat unit tests failed
     Execution halted
Flavor: r-oldrel-windows-ix86+x86_64