CRAN Package Check Results for Package geometry

Last updated on 2020-09-25 05:46:52 CEST.

Flavor Version Tinstall Tcheck Ttotal Status Flags
r-devel-linux-x86_64-debian-clang 0.4.5 38.78 54.68 93.46 OK
r-devel-linux-x86_64-debian-gcc 0.4.5 29.92 42.32 72.24 OK
r-devel-linux-x86_64-fedora-clang 0.4.5 129.24 OK
r-devel-linux-x86_64-fedora-gcc 0.4.5 114.78 OK
r-devel-windows-ix86+x86_64 0.4.5 102.00 126.00 228.00 OK
r-patched-linux-x86_64 0.4.5 31.74 53.04 84.78 OK
r-patched-solaris-x86 0.4.5 127.70 OK
r-release-linux-x86_64 0.4.5 30.92 53.01 83.93 OK
r-release-macos-x86_64 0.4.5 OK
r-release-windows-ix86+x86_64 0.4.5 91.00 128.00 219.00 OK
r-oldrel-macos-x86_64 0.4.5 NOTE
r-oldrel-windows-ix86+x86_64 0.4.5 111.00 126.00 237.00 OK

Check Details

Version: 0.4.5
Check: dependencies in R code
Result: NOTE
    No protocol specified
Flavor: r-oldrel-macos-x86_64