CRAN Package Check Results for Package geomorph

Last updated on 2020-07-05 19:49:37 CEST.

Flavor Version Tinstall Tcheck Ttotal Status Flags
r-devel-linux-x86_64-debian-clang 3.3.1 18.41 274.87 293.28 OK
r-devel-linux-x86_64-debian-gcc 3.3.1 12.61 207.38 219.99 OK
r-devel-linux-x86_64-fedora-clang 3.3.1 346.33 OK
r-devel-linux-x86_64-fedora-gcc 3.3.1 337.33 OK
r-devel-windows-ix86+x86_64 3.3.1 40.00 335.00 375.00 OK
r-patched-linux-x86_64 3.3.1 17.64 266.47 284.11 OK
r-patched-solaris-x86 3.3.1 500.00 OK
r-release-linux-x86_64 3.3.1 18.04 270.46 288.50 OK
r-release-osx-x86_64 3.3.1 OK
r-release-windows-ix86+x86_64 3.3.1 30.00 274.00 304.00 OK
r-oldrel-osx-x86_64 3.3.1 WARN
r-oldrel-windows-ix86+x86_64 3.3.1 34.00 312.00 346.00 OK

Check Details

Version: 3.3.1
Check: whether package can be installed
Result: WARN
    Found the following significant warnings:
     Warning: 'rgl.init' failed, running with 'rgl.useNULL = TRUE'.
Flavor: r-oldrel-osx-x86_64