CRAN Package Check Results for Package geomorph

Last updated on 2020-01-23 18:50:31 CET.

Flavor Version Tinstall Tcheck Ttotal Status Flags
r-devel-linux-x86_64-debian-clang 3.2.0 17.89 264.39 282.28 OK
r-devel-linux-x86_64-debian-gcc 3.2.0 15.34 202.24 217.58 OK
r-devel-linux-x86_64-fedora-clang 3.2.0 342.03 OK
r-devel-linux-x86_64-fedora-gcc 3.2.0 328.57 OK
r-devel-windows-ix86+x86_64 3.2.0 41.00 330.00 371.00 OK
r-devel-windows-ix86+x86_64-gcc8 3.2.0 43.00 271.00 314.00 OK
r-patched-linux-x86_64 3.2.0 16.09 244.32 260.41 OK
r-patched-solaris-x86 3.2.0 492.70 OK
r-release-linux-x86_64 3.2.0 13.86 240.32 254.18 OK
r-release-windows-ix86+x86_64 3.2.0 25.00 226.00 251.00 OK
r-release-osx-x86_64 3.2.0 WARN
r-oldrel-windows-ix86+x86_64 3.2.0 16.00 213.00 229.00 OK
r-oldrel-osx-x86_64 3.2.0 WARN

Check Details

Version: 3.2.0
Check: whether package can be installed
Result: WARN
    Found the following significant warnings:
     Warning: 'rgl_init' failed, running with rgl.useNULL = TRUE
Flavors: r-release-osx-x86_64, r-oldrel-osx-x86_64

Version: 3.2.0
Check: dependencies in R code
Result: NOTE
    No protocol specified
Flavors: r-release-osx-x86_64, r-oldrel-osx-x86_64

Version: 3.2.0
Check: S3 generic/method consistency
Result: WARN
    No protocol specified
    See section ‘Generic functions and methods’ in the ‘Writing R
    Extensions’ manual.
Flavors: r-release-osx-x86_64, r-oldrel-osx-x86_64

Version: 3.2.0
Check: replacement functions
Result: WARN
    No protocol specified
    The argument of a replacement function which corresponds to the right
    hand side must be named ‘value’.
Flavors: r-release-osx-x86_64, r-oldrel-osx-x86_64

Version: 3.2.0
Check: foreign function calls
Result: NOTE
    No protocol specified
    See chapter ‘System and foreign language interfaces’ in the ‘Writing R
    Extensions’ manual.
Flavors: r-release-osx-x86_64, r-oldrel-osx-x86_64

Version: 3.2.0
Check: R code for possible problems
Result: NOTE
    No protocol specified
Flavors: r-release-osx-x86_64, r-oldrel-osx-x86_64

Version: 3.2.0
Check: for missing documentation entries
Result: WARN
    No protocol specified
    All user-level objects in a package should have documentation entries.
    See chapter ‘Writing R documentation files’ in the ‘Writing R
    Extensions’ manual.
Flavors: r-release-osx-x86_64, r-oldrel-osx-x86_64

Version: 3.2.0
Check: for code/documentation mismatches
Result: WARN
    No protocol specified
    No protocol specified
    No protocol specified
Flavors: r-release-osx-x86_64, r-oldrel-osx-x86_64

Version: 3.2.0
Check: Rd \usage sections
Result: NOTE
    No protocol specified
    The \usage entries for S3 methods should use the \method markup and not
    their full name.
    See chapter ‘Writing R documentation files’ in the ‘Writing R
    Extensions’ manual.
Flavors: r-release-osx-x86_64, r-oldrel-osx-x86_64