CRAN Package Check Results for Package geonapi

Last updated on 2022-08-17 05:58:26 CEST.

Flavor Version Tinstall Tcheck Ttotal Status Flags
r-devel-linux-x86_64-debian-clang 0.6 31.78 194.06 225.84 NOTE
r-devel-linux-x86_64-debian-gcc 0.6 NOTE
r-devel-linux-x86_64-fedora-clang 0.6 262.67 NOTE
r-devel-linux-x86_64-fedora-gcc 0.6 286.15 NOTE
r-devel-windows-x86_64 0.6 32.00 233.00 265.00 OK
r-patched-linux-x86_64 0.6 30.46 182.37 212.83 OK
r-release-linux-x86_64 0.6 26.52 184.12 210.64 OK
r-release-macos-arm64 0.6 120.00 OK
r-release-macos-x86_64 0.6 143.00 OK
r-release-windows-x86_64 0.6 51.00 235.00 286.00 OK
r-oldrel-macos-arm64 0.6 111.00 OK
r-oldrel-macos-x86_64 0.6 141.00 OK
r-oldrel-windows-ix86+x86_64 0.6 62.00 229.00 291.00 OK

Check Details

Version: 0.6
Check: HTML version of manual
Result: NOTE
    Found the following HTML validation problems:
    GNLegacyAPIManager.html:106:5: Warning: missing </span> before </li>
    GNLegacyAPIManager.html:107:5: Warning: inserting implicit <span>
    GNLegacyAPIManager.html:107:5: Warning: missing </span> before </li>
    GNLegacyAPIManager.html:108:5: Warning: inserting implicit <span>
    GNLegacyAPIManager.html:108:5: Warning: missing </span> before </li>
    GNLegacyAPIManager.html:109:5: Warning: inserting implicit <span>
    GNLegacyAPIManager.html:109:5: Warning: missing </span> before </li>
    GNLegacyAPIManager.html:110:5: Warning: inserting implicit <span>
    GNLegacyAPIManager.html:110:5: Warning: missing </span> before </li>
    GNLegacyAPIManager.html:111:5: Warning: inserting implicit <span>
    GNLegacyAPIManager.html:111:5: Warning: missing </span> before </li>
    GNLegacyAPIManager.html:112:5: Warning: inserting implicit <span>
    GNLegacyAPIManager.html:112:5: Warning: missing </span> before </li>
    GNLegacyAPIManager.html:117:1: Warning: inserting implicit <span>
    GNLegacyAPIManager.html:117:1: Warning: missing </span> before <h4>
    GNLegacyAPIManager.html:121:5: Warning: inserting implicit <span>
    GNLegacyAPIManager.html:123:4: Warning: inserting implicit <span>
    GNLegacyAPIManager.html:126:1: Warning: inserting implicit <span>
    GNLegacyAPIManager.html:126:1: Warning: missing </span> before <p>
    GNLegacyAPIManager.html:126:4: Warning: inserting implicit <span>
    GNLegacyAPIManager.html:126:1: Warning: trimming empty <span>
    GNManager.html:69:5: Warning: missing </span> before </li>
    GNManager.html:70:5: Warning: inserting implicit <span>
    GNManager.html:70:5: Warning: missing </span> before </li>
    GNManager.html:71:5: Warning: inserting implicit <span>
    GNManager.html:71:5: Warning: missing </span> before </li>
    GNManager.html:72:5: Warning: inserting implicit <span>
    GNManager.html:72:5: Warning: missing </span> before </li>
    GNManager.html:73:5: Warning: inserting implicit <span>
    GNManager.html:73:5: Warning: missing </span> before </li>
    GNManager.html:74:5: Warning: inserting implicit <span>
    GNManager.html:74:5: Warning: missing </span> before </li>
    GNManager.html:75:5: Warning: inserting implicit <span>
    GNManager.html:75:5: Warning: missing </span> before </li>
    GNManager.html:76:5: Warning: inserting implicit <span>
    GNManager.html:76:5: Warning: missing </span> before </li>
    GNManager.html:81:1: Warning: inserting implicit <span>
    GNManager.html:81:1: Warning: missing </span> before <h4>
    GNManager.html:85:5: Warning: inserting implicit <span>
    GNManager.html:87:4: Warning: inserting implicit <span>
    GNManager.html:91:1: Warning: inserting implicit <span>
    GNManager.html:91:1: Warning: missing </span> before <h5>
    GNManager.html:91:5: Warning: inserting implicit <span>
    GNManager.html:93:16: Warning: inserting implicit <span>
    GNManager.html:93:16: Warning: missing </span> before <pre>
    GNManager.html:97:5: Warning: inserting implicit <span>
    GNManager.html:100:1: Warning: inserting implicit <span>
    GNManager.html:100:1: Warning: missing </span> before <dl>
    GNManager.html:102:5: Warning: inserting implicit <span>
    GNManager.html:102:30: Warning: inserting implicit <span>
    GNManager.html:102:30: Warning: missing </span> before <p>
    GNManager.html:102:33: Warning: inserting implicit <span>
    GNManager.html:104:5: Warning: inserting implicit <span>
    GNManager.html:104:31: Warning: inserting implicit <span>
    GNManager.html:104:31: Warning: missing </span> before <p>
    GNManager.html:104:34: Warning: inserting implicit <span>
    GNManager.html:106:5: Warning: inserting implicit <span>
    GNManager.html:106:30: Warning: inserting implicit <span>
    GNManager.html:106:30: Warning: missing </span> before <p>
    GNManager.html:106:33: Warning: inserting implicit <span>
    GNManager.html:108:5: Warning: inserting implicit <span>
    GNManager.html:108:34: Warning: inserting implicit <span>
    GNManager.html:108:34: Warning: missing </span> before <p>
    GNManager.html:108:37: Warning: inserting implicit <span>
    GNManager.html:110:5: Warning: inserting implicit <span>
    GNManager.html:110:33: Warning: inserting implicit <span>
    GNManager.html:110:33: Warning: missing </span> before <p>
    GNManager.html:110:36: Warning: inserting implicit <span>
    GNManager.html:118:1: Warning: inserting implicit <span>
    GNManager.html:118:1: Warning: missing </span> before <h4>
    GNManager.html:122:5: Warning: inserting implicit <span>
    GNManager.html:124:4: Warning: inserting implicit <span>
    GNManager.html:128:1: Warning: inserting implicit <span>
    GNManager.html:128:1: Warning: missing </span> before <h5>
    GNManager.html:128:5: Warning: inserting implicit <span>
    GNManager.html:130:16: Warning: inserting implicit <span>
    GNManager.html:130:16: Warning: missing </span> before <pre>
    GNManager.html:134:5: Warning: inserting implicit <span>
    GNManager.html:137:1: Warning: inserting implicit <span>
    GNManager.html:137:1: Warning: missing </span> before <dl>
    GNManager.html:139:5: Warning: inserting implicit <span>
    GNManager.html:139:31: Warning: inserting implicit <span>
    GNManager.html:139:31: Warning: missing </span> before <p>
    GNManager.html:139:34: Warning: inserting implicit <span>
    GNManager.html:148:5: Warning: inserting implicit <span>
    GNManager.html:150:4: Warning: inserting implicit <span>
    GNManager.html:154:1: Warning: inserting implicit <span>
    GNManager.html:154:1: Warning: missing </span> before <h3>
    GNManager.html:154:5: Warning: inserting implicit <span>
    GNManager.html:91:1: Warning: trimming empty <span>
    GNManager.html:93:16: Warning: trimming empty <span>
    GNManager.html:100:1: Warning: trimming empty <span>
    GNManager.html:102:30: Warning: trimming empty <span>
    GNManager.html:104:31: Warning: trimming empty <span>
    GNManager.html:106:30: Warning: trimming empty <span>
    GNManager.html:108:34: Warning: trimming empty <span>
    GNManager.html:110:33: Warning: trimming empty <span>
    GNManager.html:128:1: Warning: trimming empty <span>
    GNManager.html:130:16: Warning: trimming empty <span>
    GNManager.html:137:1: Warning: trimming empty <span>
    GNManager.html:139:31: Warning: trimming empty <span>
    GNManager.html:154:1: Warning: trimming empty <span>
    GNOpenAPIManager.html:100:5: Warning: missing </span> before </li>
    GNOpenAPIManager.html:101:5: Warning: inserting implicit <span>
    GNOpenAPIManager.html:101:5: Warning: missing </span> before </li>
    GNOpenAPIManager.html:102:5: Warning: inserting implicit <span>
    GNOpenAPIManager.html:102:5: Warning: missing </span> before </li>
    GNOpenAPIManager.html:103:5: Warning: inserting implicit <span>
    GNOpenAPIManager.html:103:5: Warning: missing </span> before </li>
    GNOpenAPIManager.html:104:5: Warning: inserting implicit <span>
    GNOpenAPIManager.html:104:5: Warning: missing </span> before </li>
    GNOpenAPIManager.html:105:5: Warning: inserting implicit <span>
    GNOpenAPIManager.html:105:5: Warning: missing </span> before </li>
    GNOpenAPIManager.html:106:5: Warning: inserting implicit <span>
    GNOpenAPIManager.html:106:5: Warning: missing </span> before </li>
    GNOpenAPIManager.html:111:1: Warning: inserting implicit <span>
    GNOpenAPIManager.html:111:1: Warning: missing </span> before <h4>
    GNOpenAPIManager.html:115:5: Warning: inserting implicit <span>
    GNOpenAPIManager.html:117:4: Warning: inserting implicit <span>
    GNOpenAPIManager.html:120:1: Warning: inserting implicit <span>
    GNOpenAPIManager.html:120:1: Warning: missing </span> before <p>
    GNOpenAPIManager.html:120:4: Warning: inserting implicit <span>
    GNOpenAPIManager.html:120:1: Warning: trimming empty <span>
Flavors: r-devel-linux-x86_64-debian-clang, r-devel-linux-x86_64-debian-gcc, r-devel-linux-x86_64-fedora-clang, r-devel-linux-x86_64-fedora-gcc