CRAN Package Check Results for Package geonapi

Last updated on 2021-09-21 14:51:28 CEST.

Flavor Version Tinstall Tcheck Ttotal Status Flags
r-devel-linux-x86_64-debian-clang 0.4 22.27 181.40 203.67 OK
r-devel-linux-x86_64-debian-gcc 0.4 18.92 131.63 150.55 OK
r-devel-linux-x86_64-fedora-clang 0.4 250.48 OK
r-devel-linux-x86_64-fedora-gcc 0.4 237.06 OK
r-devel-windows-x86_64 0.4 75.00 466.00 541.00 OK
r-devel-windows-x86_64-gcc10-UCRT 0.4 ERROR
r-patched-linux-x86_64 0.4 26.97 172.15 199.12 OK
r-patched-solaris-x86 0.4 283.50 OK
r-release-linux-x86_64 0.4 22.12 172.05 194.17 OK
r-release-macos-arm64 0.4 OK
r-release-macos-x86_64 0.4 OK
r-release-windows-ix86+x86_64 0.4 114.00 408.00 522.00 OK
r-oldrel-macos-x86_64 0.4 OK
r-oldrel-windows-ix86+x86_64 0.4 112.00 417.00 529.00 OK

Check Details

Version: 0.4
Check: package dependencies
Result: ERROR
    Packages required but not available: 'geometa', 'XML'
    
    See section 'The DESCRIPTION file' in the 'Writing R Extensions'
    manual.
Flavor: r-devel-windows-x86_64-gcc10-UCRT