CRAN Package Check Results for Package geospark

Last updated on 2019-12-06 12:49:13 CET.

Flavor Version Tinstall Tcheck Ttotal Status Flags
r-devel-linux-x86_64-debian-clang 0.2.1 5.68 45.61 51.29 OK
r-devel-linux-x86_64-debian-gcc 0.2.1 4.44 34.75 39.19 OK
r-devel-linux-x86_64-fedora-clang 0.2.1 56.52 NOTE
r-devel-linux-x86_64-fedora-gcc 0.2.1 56.23 NOTE
r-devel-windows-ix86+x86_64 0.2.1 15.00 61.00 76.00 OK
r-devel-windows-ix86+x86_64-gcc8 0.2.1 22.00 59.00 81.00 OK
r-patched-linux-x86_64 0.2.1 5.00 39.47 44.47 OK
r-patched-solaris-x86 0.2.1 80.50 NOTE
r-release-linux-x86_64 0.2.1 5.59 39.60 45.19 OK
r-release-windows-ix86+x86_64 0.2.1 13.00 76.00 89.00 OK
r-release-osx-x86_64 0.2.1 NOTE
r-oldrel-windows-ix86+x86_64 0.2.1 6.00 73.00 79.00 OK
r-oldrel-osx-x86_64 0.2.1 NOTE

Check Details

Version: 0.2.1
Check: dependencies in R code
Result: NOTE
    Namespace in Imports field not imported from: ‘dbplyr’
     All declared Imports should be used.
Flavors: r-devel-linux-x86_64-fedora-clang, r-devel-linux-x86_64-fedora-gcc, r-patched-solaris-x86, r-release-osx-x86_64, r-oldrel-osx-x86_64