CRAN Package Check Results for Package geospark

Last updated on 2022-12-04 11:07:31 CET.

Flavor Version Tinstall Tcheck Ttotal Status Flags
r-devel-linux-x86_64-debian-clang 0.3.1 8.51 65.73 74.24 NOTE
r-devel-linux-x86_64-debian-gcc 0.3.1 5.59 48.76 54.35 NOTE
r-devel-linux-x86_64-fedora-clang 0.3.1 100.11 NOTE
r-devel-linux-x86_64-fedora-gcc 0.3.1 94.98 NOTE
r-devel-windows-x86_64 0.3.1 13.00 88.00 101.00 NOTE
r-patched-linux-x86_64 0.3.1 6.55 60.92 67.47 NOTE
r-release-linux-x86_64 0.3.1 7.72 61.36 69.08 NOTE
r-release-macos-arm64 0.3.1 29.00 NOTE
r-release-macos-x86_64 0.3.1 53.00 NOTE
r-release-windows-x86_64 0.3.1 17.00 92.00 109.00 NOTE
r-oldrel-macos-arm64 0.3.1 34.00 NOTE
r-oldrel-macos-x86_64 0.3.1 45.00 NOTE
r-oldrel-windows-ix86+x86_64 0.3.1 18.00 92.00 110.00 NOTE

Check Details

Version: 0.3.1
Check: LazyData
Result: NOTE
     'LazyData' is specified without a 'data' directory
Flavors: r-devel-linux-x86_64-debian-clang, r-devel-linux-x86_64-debian-gcc, r-devel-linux-x86_64-fedora-clang, r-devel-linux-x86_64-fedora-gcc, r-devel-windows-x86_64, r-patched-linux-x86_64, r-release-linux-x86_64, r-release-macos-arm64, r-release-macos-x86_64, r-release-windows-x86_64, r-oldrel-macos-arm64, r-oldrel-macos-x86_64, r-oldrel-windows-ix86+x86_64

Version: 0.3.1
Check: dependencies in R code
Result: NOTE
    Namespace in Imports field not imported from: ‘dbplyr’
     All declared Imports should be used.
Flavors: r-devel-linux-x86_64-fedora-clang, r-devel-linux-x86_64-fedora-gcc, r-release-macos-arm64, r-release-macos-x86_64, r-oldrel-macos-arm64, r-oldrel-macos-x86_64