CRAN Package Check Results for Package geospark

Last updated on 2020-08-05 08:50:39 CEST.

Flavor Version Tinstall Tcheck Ttotal Status Flags
r-devel-linux-x86_64-debian-clang 0.3.1 6.86 50.42 57.28 OK
r-devel-linux-x86_64-debian-gcc 0.3.1 4.43 37.20 41.63 OK
r-devel-linux-x86_64-fedora-clang 0.3.1 73.04 NOTE
r-devel-linux-x86_64-fedora-gcc 0.3.1 63.59 NOTE
r-devel-windows-ix86+x86_64 0.3.1 23.00 89.00 112.00 OK
r-patched-linux-x86_64 0.3.1 6.47 47.69 54.16 OK
r-patched-solaris-x86 0.3.1 97.30 NOTE
r-release-linux-x86_64 0.3.1 6.55 47.61 54.16 OK
r-release-macos-x86_64 0.3.1 NOTE
r-release-windows-ix86+x86_64 0.3.1 28.00 62.00 90.00 OK
r-oldrel-macos-x86_64 0.3.1 NOTE
r-oldrel-windows-ix86+x86_64 0.3.1 14.00 53.00 67.00 OK

Check Details

Version: 0.3.1
Check: dependencies in R code
Result: NOTE
    Namespace in Imports field not imported from: ‘dbplyr’
     All declared Imports should be used.
Flavors: r-devel-linux-x86_64-fedora-clang, r-devel-linux-x86_64-fedora-gcc, r-patched-solaris-x86, r-release-macos-x86_64, r-oldrel-macos-x86_64