CRAN Package Check Results for Package geosphere

Last updated on 2020-08-04 18:50:45 CEST.

Flavor Version Tinstall Tcheck Ttotal Status Flags
r-devel-linux-x86_64-debian-clang 1.5-10 7.86 55.27 63.13 OK
r-devel-linux-x86_64-debian-gcc 1.5-10 7.60 43.87 51.47 OK
r-devel-linux-x86_64-fedora-clang 1.5-10 83.96 NOTE
r-devel-linux-x86_64-fedora-gcc 1.5-10 75.36 OK
r-devel-windows-ix86+x86_64 1.5-10 25.00 83.00 108.00 OK
r-patched-linux-x86_64 1.5-10 8.64 54.75 63.39 OK
r-patched-solaris-x86 1.5-10 102.80 OK
r-release-linux-x86_64 1.5-10 8.59 55.23 63.82 OK
r-release-macos-x86_64 1.5-10 OK
r-release-windows-ix86+x86_64 1.5-10 28.00 97.00 125.00 OK
r-oldrel-macos-x86_64 1.5-10 OK
r-oldrel-windows-ix86+x86_64 1.5-10 19.00 107.00 126.00 OK

Check Details

Version: 1.5-10
Check: Rd cross-references
Result: NOTE
    Undeclared package ‘rgeos’ in Rd xrefs
Flavor: r-devel-linux-x86_64-fedora-clang