Last updated on 2023-06-10 11:51:24 CEST.
Flavor | Version | Tinstall | Tcheck | Ttotal | Status | Flags |
---|---|---|---|---|---|---|
r-devel-linux-x86_64-debian-clang | 1.5-18 | 46.84 | 94.66 | 141.50 | OK | |
r-devel-linux-x86_64-debian-gcc | 1.5-18 | 35.56 | 71.15 | 106.71 | OK | |
r-devel-linux-x86_64-fedora-clang | 1.5-18 | 195.54 | OK | |||
r-devel-linux-x86_64-fedora-gcc | 1.5-18 | 194.30 | OK | |||
r-devel-windows-x86_64 | 1.5-18 | 40.00 | 122.00 | 162.00 | OK | |
r-patched-linux-x86_64 | 1.5-18 | 42.38 | 89.90 | 132.28 | OK | |
r-release-linux-x86_64 | 1.5-18 | 39.20 | 88.96 | 128.16 | OK | |
r-release-macos-arm64 | 1.5-18 | 64.00 | OK | |||
r-release-macos-x86_64 | 1.5-18 | 100.00 | NOTE | |||
r-release-windows-x86_64 | 1.5-18 | 51.00 | 141.00 | 192.00 | OK | |
r-oldrel-macos-arm64 | 1.5-18 | 61.00 | OK | |||
r-oldrel-macos-x86_64 | 1.5-18 | 92.00 | OK | |||
r-oldrel-windows-x86_64 | 1.5-18 | 46.00 | 141.00 | 187.00 | OK |
Version: 1.5-18
Check: re-building of vignette outputs
Result: NOTE
Error(s) in re-building vignettes:
...
--- re-building ‘geosphere.Rnw’ using Sweave
Loading required namespace: raster
Error: processing vignette 'geosphere.Rnw' failed with diagnostics:
Running 'texi2dvi' on 'geosphere.tex' failed.
LaTeX errors:
! LaTeX Error: File `hanging.sty' not found.
Type X to quit or <RETURN> to proceed,
or enter new name. (Default extension: sty)
! Emergency stop.
<read *>
l.10 ^^M
! ==> Fatal error occurred, no output PDF file produced!
--- failed re-building ‘geosphere.Rnw’
SUMMARY: processing the following file failed:
‘geosphere.Rnw’
Error: Vignette re-building failed.
Execution halted
Flavor: r-release-macos-x86_64