CRAN Package Check Results for Package geospt

Last updated on 2022-09-29 19:48:55 CEST.

Flavor Version Tinstall Tcheck Ttotal Status Flags
r-devel-linux-x86_64-debian-clang 1.0-2 12.47 143.92 156.39 OK
r-devel-linux-x86_64-debian-gcc 1.0-2 10.82 104.37 115.19 OK
r-devel-linux-x86_64-fedora-clang 1.0-2 201.53 NOTE
r-devel-linux-x86_64-fedora-gcc 1.0-2 201.26 OK
r-devel-windows-x86_64 1.0-2 20.00 161.00 181.00 OK
r-patched-linux-x86_64 1.0-2 16.08 132.56 148.64 OK
r-release-linux-x86_64 1.0-2 14.02 136.78 150.80 OK
r-release-macos-arm64 1.0-2 47.00 OK
r-release-macos-x86_64 1.0-2 100.00 OK
r-release-windows-x86_64 1.0-2 21.00 165.00 186.00 OK
r-oldrel-macos-arm64 1.0-2 51.00 OK
r-oldrel-macos-x86_64 1.0-2 83.00 OK
r-oldrel-windows-ix86+x86_64 1.0-2 29.00 168.00 197.00 OK

Check Details

Version: 1.0-2
Check: Rd cross-references
Result: NOTE
    Undeclared package ‘nloptr’ in Rd xrefs
Flavor: r-devel-linux-x86_64-fedora-clang