Last updated on 2023-09-27 19:05:12 CEST.
Flavor | Version | Tinstall | Tcheck | Ttotal | Status | Flags |
---|---|---|---|---|---|---|
r-devel-linux-x86_64-debian-clang | 0.5.1 | 392.20 | 566.06 | 958.26 | NOTE | |
r-devel-linux-x86_64-debian-gcc | 0.5.1 | 279.47 | 445.61 | 725.08 | NOTE | |
r-devel-linux-x86_64-fedora-clang | 0.5.1 | 1121.87 | NOTE | |||
r-devel-linux-x86_64-fedora-gcc | 0.5.1 | 922.56 | NOTE | |||
r-devel-windows-x86_64 | 0.5.1 | 263.00 | 454.00 | 717.00 | NOTE | |
r-patched-linux-x86_64 | 0.5.1 | 245.20 | 571.23 | 816.43 | NOTE | |
r-release-linux-x86_64 | 0.5.1 | 0.02 | 2.82 | 2.84 | ERROR | |
r-release-macos-arm64 | 0.5.1 | 255.00 | NOTE | |||
r-release-macos-x86_64 | 0.5.1 | 402.00 | NOTE | |||
r-release-windows-x86_64 | 0.5.1 | 346.00 | 581.00 | 927.00 | NOTE | |
r-oldrel-macos-arm64 | 0.5.1 | 244.00 | NOTE | |||
r-oldrel-macos-x86_64 | 0.5.1 | 317.00 | NOTE | |||
r-oldrel-windows-x86_64 | 0.5.1 | 324.00 | 541.00 | 865.00 | NOTE |
Version: 0.5.1
Check: for GNU extensions in Makefiles
Result: NOTE
GNU make is a SystemRequirements.
Flavors: r-devel-linux-x86_64-debian-clang, r-devel-linux-x86_64-debian-gcc, r-devel-linux-x86_64-fedora-clang, r-devel-linux-x86_64-fedora-gcc, r-devel-windows-x86_64, r-patched-linux-x86_64, r-release-macos-arm64, r-release-macos-x86_64, r-release-windows-x86_64, r-oldrel-macos-arm64, r-oldrel-macos-x86_64, r-oldrel-windows-x86_64
Version: 0.5.1
Check: installed package size
Result: NOTE
installed size is 5.2Mb
sub-directories of 1Mb or more:
libs 3.5Mb
Flavors: r-devel-linux-x86_64-fedora-clang, r-release-macos-arm64, r-release-macos-x86_64, r-oldrel-macos-arm64, r-oldrel-macos-x86_64
Version: 0.5.1
Check: dependencies in R code
Result: NOTE
Namespaces in Imports field not imported from:
‘RcppParallel’ ‘rstantools’
All declared Imports should be used.
Flavors: r-devel-linux-x86_64-fedora-clang, r-devel-linux-x86_64-fedora-gcc
Version: 0.5.1
Check: Rd cross-references
Result: NOTE
Undeclared package ‘loo’ in Rd xrefs
Flavor: r-devel-linux-x86_64-fedora-clang
Version: 0.5.1
Check: whether package can be installed
Result: ERROR
Installation failed.
Flavor: r-release-linux-x86_64