Last updated on 2023-06-08 06:57:13 CEST.
Flavor | Version | Tinstall | Tcheck | Ttotal | Status | Flags |
---|---|---|---|---|---|---|
r-devel-linux-x86_64-debian-clang | 0.2.7 | 31.79 | 321.25 | 353.04 | OK | |
r-devel-linux-x86_64-debian-gcc | 0.2.7 | 28.20 | 236.59 | 264.79 | OK | |
r-devel-linux-x86_64-fedora-clang | 0.2.7 | 436.50 | NOTE | |||
r-devel-linux-x86_64-fedora-gcc | 0.2.7 | 423.55 | NOTE | |||
r-devel-windows-x86_64 | 0.2.7 | 28.00 | 203.00 | 231.00 | OK | |
r-patched-linux-x86_64 | 0.2.7 | 33.49 | 303.48 | 336.97 | OK | |
r-release-linux-x86_64 | 0.2.7 | 31.57 | 295.22 | 326.79 | OK | |
r-release-macos-arm64 | 0.2.7 | 113.00 | OK | |||
r-release-macos-x86_64 | 0.2.6 | 189.00 | OK | |||
r-release-windows-x86_64 | 0.2.7 | 40.00 | 280.00 | 320.00 | OK | |
r-oldrel-macos-arm64 | 0.2.7 | 105.00 | OK | |||
r-oldrel-macos-x86_64 | 0.2.7 | 131.00 | OK | |||
r-oldrel-windows-x86_64 | 0.2.7 | 40.00 | 267.00 | 307.00 | OK |
Version: 0.2.7
Check: data for non-ASCII characters
Result: NOTE
Note: found 64 marked Latin-1 strings
Note: found 25 marked UTF-8 strings
Flavors: r-devel-linux-x86_64-fedora-clang, r-devel-linux-x86_64-fedora-gcc