CRAN Package Check Results for Package germinationmetrics

Last updated on 2018-05-23 15:47:43 CEST.

Flavor Version Tinstall Tcheck Ttotal Status Flags
r-devel-linux-x86_64-debian-clang 0.1.0 3.52 58.51 62.03 OK
r-devel-linux-x86_64-debian-gcc 0.1.0 0.36 1.46 1.82 ERROR
r-devel-linux-x86_64-fedora-clang 0.1.0 75.57 OK
r-devel-linux-x86_64-fedora-gcc 0.1.0 77.76 OK
r-devel-windows-ix86+x86_64 0.1.0 9.00 111.00 120.00 OK
r-patched-linux-x86_64 0.1.0 4.00 54.69 58.69 OK
r-patched-solaris-x86 0.1.0 94.80 OK
r-release-linux-x86_64 0.1.0 2.52 54.81 57.33 OK
r-release-windows-ix86+x86_64 0.1.0 13.00 108.00 121.00 OK
r-release-osx-x86_64 0.1.0 OK
r-oldrel-windows-ix86+x86_64 0.1.0 17.00 100.00 117.00 OK
r-oldrel-osx-x86_64 0.1.0 OK

Check Details

Version: 0.1.0
Check: package dependencies
Result: ERROR
    Packages required but not available: ‘broom’ ‘ggplot2’ ‘ggrepel’
    
    See section ‘The DESCRIPTION file’ in the ‘Writing R Extensions’
    manual.
Flavor: r-devel-linux-x86_64-debian-gcc