Last updated on 2025-01-19 14:48:20 CET.
Flavor | Version | Tinstall | Tcheck | Ttotal | Status | Flags |
---|---|---|---|---|---|---|
r-devel-linux-x86_64-debian-clang | 0.1.8 | 13.61 | 147.93 | 161.54 | OK | |
r-devel-linux-x86_64-debian-gcc | 0.1.8 | 9.10 | 103.02 | 112.12 | OK | |
r-devel-linux-x86_64-fedora-clang | 0.1.8 | 190.75 | OK | |||
r-devel-linux-x86_64-fedora-gcc | 0.1.8 | 137.58 | ERROR | |||
r-devel-windows-x86_64 | 0.1.8 | 14.00 | 243.00 | 257.00 | OK | |
r-patched-linux-x86_64 | 0.1.8 | 13.20 | 139.55 | 152.75 | OK | |
r-release-linux-x86_64 | 0.1.8 | 11.55 | 138.54 | 150.09 | OK | |
r-release-macos-arm64 | 0.1.8 | 70.00 | OK | |||
r-release-macos-x86_64 | 0.1.8 | 118.00 | OK | |||
r-release-windows-x86_64 | 0.1.8 | 13.00 | 239.00 | 252.00 | OK | |
r-oldrel-macos-arm64 | 0.1.8 | 76.00 | OK | |||
r-oldrel-macos-x86_64 | 0.1.8 | 181.00 | OK | |||
r-oldrel-windows-x86_64 | 0.1.8 | 17.00 | 249.00 | 266.00 | OK |
Version: 0.1.8
Check: package dependencies
Result: ERROR
Package required but not available: ‘gslnls’
See section ‘The DESCRIPTION file’ in the ‘Writing R Extensions’
manual.
Flavor: r-devel-linux-x86_64-fedora-gcc