Last updated on 2023-05-28 22:00:11 CEST.
Flavor | Version | Tinstall | Tcheck | Ttotal | Status | Flags |
---|---|---|---|---|---|---|
r-devel-linux-x86_64-debian-clang | 0.1.0 | 7.37 | 56.99 | 64.36 | NOTE | |
r-devel-linux-x86_64-debian-gcc | 0.1.0 | 5.83 | 42.94 | 48.77 | NOTE | |
r-devel-linux-x86_64-fedora-clang | 0.1.0 | 81.07 | NOTE | |||
r-devel-linux-x86_64-fedora-gcc | 0.1.0 | 86.26 | NOTE | |||
r-devel-windows-x86_64 | 0.1.0 | 7.00 | 60.00 | 67.00 | NOTE | |
r-patched-linux-x86_64 | 0.1.0 | 4.20 | 52.55 | 56.75 | NOTE | |
r-release-linux-x86_64 | 0.1.0 | 4.26 | 52.59 | 56.85 | NOTE | |
r-release-macos-arm64 | 0.1.0 | 32.00 | NOTE | |||
r-release-macos-x86_64 | 0.1.0 | 48.00 | NOTE | |||
r-release-windows-x86_64 | 0.1.0 | 9.00 | 70.00 | 79.00 | NOTE | |
r-oldrel-macos-arm64 | 0.1.0 | 31.00 | NOTE | |||
r-oldrel-macos-x86_64 | 0.1.0 | 53.00 | NOTE | |||
r-oldrel-windows-x86_64 | 0.1.0 | 10.00 | 78.00 | 88.00 | NOTE |
Version: 0.1.0
Check: LazyData
Result: NOTE
'LazyData' is specified without a 'data' directory
Flavors: r-devel-linux-x86_64-debian-clang, r-devel-linux-x86_64-debian-gcc, r-devel-linux-x86_64-fedora-clang, r-devel-linux-x86_64-fedora-gcc, r-devel-windows-x86_64, r-patched-linux-x86_64, r-release-linux-x86_64, r-release-macos-arm64, r-release-macos-x86_64, r-release-windows-x86_64, r-oldrel-macos-arm64, r-oldrel-macos-x86_64, r-oldrel-windows-x86_64