Last updated on 2023-06-08 05:58:09 CEST.
Flavor | Version | Tinstall | Tcheck | Ttotal | Status | Flags |
---|---|---|---|---|---|---|
r-devel-linux-x86_64-debian-clang | 0.2-2 | 3.14 | 29.28 | 32.42 | NOTE | |
r-devel-linux-x86_64-debian-gcc | 0.2-2 | 2.02 | 23.41 | 25.43 | NOTE | |
r-devel-linux-x86_64-fedora-clang | 0.2-2 | 44.37 | NOTE | |||
r-devel-linux-x86_64-fedora-gcc | 0.2-2 | 52.78 | NOTE | |||
r-devel-windows-x86_64 | 0.2-2 | 12.00 | 63.00 | 75.00 | NOTE | |
r-patched-linux-x86_64 | 0.2-2 | 2.89 | 28.53 | 31.42 | NOTE | |
r-release-linux-x86_64 | 0.2-2 | 2.87 | 28.55 | 31.42 | NOTE | |
r-release-macos-arm64 | 0.2-2 | 28.00 | NOTE | |||
r-release-macos-x86_64 | 0.2-2 | 39.00 | NOTE | |||
r-release-windows-x86_64 | 0.2-2 | 7.00 | 60.00 | 67.00 | OK | |
r-oldrel-macos-arm64 | 0.2-2 | 24.00 | OK | |||
r-oldrel-macos-x86_64 | 0.2-2 | 30.00 | OK | |||
r-oldrel-windows-x86_64 | 0.2-2 | 8.00 | 62.00 | 70.00 | OK |
Version: 0.2-2
Check: package dependencies
Result: NOTE
Package suggested but not available for checking: ‘argon2’
Flavors: r-devel-linux-x86_64-debian-clang, r-devel-linux-x86_64-debian-gcc, r-devel-linux-x86_64-fedora-clang, r-devel-linux-x86_64-fedora-gcc, r-devel-windows-x86_64, r-patched-linux-x86_64, r-release-linux-x86_64, r-release-macos-arm64, r-release-macos-x86_64